Last updated on 2023-12-08 04:03:12 CET.
Flavor | Version | Tinstall | Tcheck | Ttotal | Status | Flags |
---|---|---|---|---|---|---|
r-devel-linux-x86_64-debian-clang | 4.10.5 | 28.32 | 252.59 | 280.91 | NOTE | |
r-devel-linux-x86_64-debian-gcc | 4.10.5 | 24.06 | 187.89 | 211.95 | NOTE | |
r-devel-linux-x86_64-fedora-clang | 4.10.5 | 370.39 | OK | |||
r-devel-linux-x86_64-fedora-gcc | 4.10.5 | 361.62 | OK | |||
r-devel-windows-x86_64 | 4.10.5 | 21.00 | 177.00 | 198.00 | OK | |
r-patched-linux-x86_64 | 4.10.5 | 30.44 | 248.66 | 279.10 | OK | |
r-release-linux-x86_64 | 4.10.5 | 20.12 | 241.73 | 261.85 | OK | |
r-release-macos-arm64 | 4.10.5 | 76.00 | OK | |||
r-release-macos-x86_64 | 4.10.5 | 229.00 | OK | |||
r-release-windows-x86_64 | 4.10.5 | 30.00 | 228.00 | 258.00 | OK | |
r-oldrel-macos-arm64 | 4.10.5 | 74.00 | OK | |||
r-oldrel-macos-x86_64 | 4.10.5 | 112.00 | OK | |||
r-oldrel-windows-x86_64 | 4.10.5 | 30.00 | 231.00 | 261.00 | OK |
Version: 4.10.5
Check: Rd files
Result: NOTE
checkRd: (-1) multTSA.Rd:40: Lost braces
40 | deprecated argument; link{type} should now be used instead, although (at least for the timebeing) this argument will still be accepted (with Favourability=TRUE internally resulting in type="F") for back-compatibility.
| ^
Flavors: r-devel-linux-x86_64-debian-clang, r-devel-linux-x86_64-debian-gcc