CRAN Package Check Results for Package gMCP

Last updated on 2022-09-30 04:59:10 CEST.

Flavor Version Tinstall Tcheck Ttotal Status Flags
r-devel-linux-x86_64-debian-clang 0.8-15 19.43 211.22 230.65 OK
r-devel-linux-x86_64-debian-gcc 0.8-15 17.10 160.79 177.89 OK
r-devel-linux-x86_64-fedora-clang 0.8-15 323.83 OK
r-devel-linux-x86_64-fedora-gcc 0.8-15 328.55 OK
r-devel-windows-x86_64 0.8-15 116.00 331.00 447.00 OK
r-patched-linux-x86_64 0.8-15 16.95 203.23 220.18 OK
r-release-linux-x86_64 0.8-15 17.77 206.75 224.52 OK
r-release-macos-arm64 0.8-15 104.00 NOTE
r-release-macos-x86_64 0.8-15 124.00 OK
r-release-windows-x86_64 0.8-15 108.00 327.00 435.00 OK
r-oldrel-macos-arm64 0.8-15 148.00 OK
r-oldrel-macos-x86_64 0.8-15 142.00 OK
r-oldrel-windows-ix86+x86_64 0.8-15 44.00 334.00 378.00 OK

Check Details

Version: 0.8-15
Check: package dependencies
Result: NOTE
    Packages suggested but not available for checking: 'graph', 'mutoss'
Flavor: r-release-macos-arm64