CRAN Package Check Results for Package gWQS

Last updated on 2022-12-03 03:57:10 CET.

Flavor Version Tinstall Tcheck Ttotal Status Flags
r-devel-linux-x86_64-debian-clang 3.0.4 15.33 147.56 162.89 OK
r-devel-linux-x86_64-debian-gcc 3.0.4 11.86 109.62 121.48 OK
r-devel-linux-x86_64-fedora-clang 3.0.4 210.44 NOTE
r-devel-linux-x86_64-fedora-gcc 3.0.4 204.75 NOTE
r-devel-windows-x86_64 3.0.4 23.00 169.00 192.00 OK
r-patched-linux-x86_64 3.0.4 13.57 139.73 153.30 OK
r-release-linux-x86_64 3.0.4 11.37 138.14 149.51 OK
r-release-macos-arm64 3.0.4 50.00 NOTE
r-release-macos-x86_64 3.0.4 106.00 NOTE
r-release-windows-x86_64 3.0.4 26.00 175.00 201.00 OK
r-oldrel-macos-arm64 3.0.4 70.00 NOTE
r-oldrel-macos-x86_64 3.0.4 101.00 NOTE
r-oldrel-windows-ix86+x86_64 3.0.4 39.00 168.00 207.00 OK

Check Details

Version: 3.0.4
Check: dependencies in R code
Result: NOTE
    Namespace in Imports field not imported from: ‘dplyr’
     All declared Imports should be used.
Flavors: r-devel-linux-x86_64-fedora-clang, r-devel-linux-x86_64-fedora-gcc, r-release-macos-arm64, r-release-macos-x86_64, r-oldrel-macos-arm64, r-oldrel-macos-x86_64