CRAN Package Check Results for Package ganalytics

Last updated on 2022-12-03 03:57:09 CET.

Flavor Version Tinstall Tcheck Ttotal Status Flags
r-devel-linux-x86_64-debian-clang 0.10.7 60.62 145.58 206.20 NOTE
r-devel-linux-x86_64-debian-gcc 0.10.7 48.61 107.27 155.88 NOTE
r-devel-linux-x86_64-fedora-clang 0.10.7 297.20 NOTE
r-devel-linux-x86_64-fedora-gcc 0.10.7 282.30 NOTE
r-devel-windows-x86_64 0.10.7 152.00 209.00 361.00 NOTE
r-patched-linux-x86_64 0.10.7 60.11 124.94 185.05 NOTE
r-release-linux-x86_64 0.10.7 49.61 126.18 175.79 NOTE
r-release-macos-arm64 0.10.7 66.00 NOTE
r-release-macos-x86_64 0.10.7 117.00 NOTE
r-release-windows-x86_64 0.10.7 215.00 178.00 393.00 NOTE
r-oldrel-macos-arm64 0.10.7 77.00 NOTE
r-oldrel-macos-x86_64 0.10.7 118.00 NOTE
r-oldrel-windows-ix86+x86_64 0.10.7 121.00 155.00 276.00 NOTE

Check Details

Version: 0.10.7
Check: LazyData
Result: NOTE
     'LazyData' is specified without a 'data' directory
Flavors: r-devel-linux-x86_64-debian-clang, r-devel-linux-x86_64-debian-gcc, r-devel-linux-x86_64-fedora-clang, r-devel-linux-x86_64-fedora-gcc, r-devel-windows-x86_64, r-patched-linux-x86_64, r-release-linux-x86_64, r-release-macos-arm64, r-release-macos-x86_64, r-release-windows-x86_64, r-oldrel-macos-arm64, r-oldrel-macos-x86_64, r-oldrel-windows-ix86+x86_64