CRAN Package Check Results for Package gasper

Last updated on 2022-08-10 04:54:01 CEST.

Flavor Version Tinstall Tcheck Ttotal Status Flags
r-devel-linux-x86_64-debian-clang 1.1.1 49.80 115.89 165.69 ERROR
r-devel-linux-x86_64-debian-gcc 1.1.1 39.26 85.08 124.34 ERROR
r-devel-linux-x86_64-fedora-clang 1.1.1 224.29 ERROR
r-devel-linux-x86_64-fedora-gcc 1.1.1 207.80 ERROR
r-devel-windows-x86_64 1.1.1 57.00 152.00 209.00 ERROR
r-patched-linux-x86_64 1.1.1 43.34 105.01 148.35 ERROR
r-release-linux-x86_64 1.1.1 ERROR
r-release-macos-arm64 1.1.1 69.00 OK
r-release-macos-x86_64 1.1.1 116.00 OK
r-release-windows-x86_64 1.1.1 60.00 156.00 216.00 ERROR
r-oldrel-macos-arm64 1.1.1 65.00 OK
r-oldrel-macos-x86_64 1.1.1 118.00 OK
r-oldrel-windows-ix86+x86_64 1.1.1 125.00 177.00 302.00 ERROR

Check Details

Version: 1.1.1
Check: examples
Result: ERROR
    Running examples in 'gasper-Ex.R' failed
    The error most likely occurred in:
    
    > base::assign(".ptime", proc.time(), pos = "CheckExEnv")
    > ### Name: HPFVN
    > ### Title: High Pass Filter Von Neumann Estimator.
    > ### Aliases: HPFVN
    >
    > ### ** Examples
    >
    > matrixname <- "grid1"
    > groupname <- "AG-Monien"
    > graph <- download_graph(matrixname,groupname)
    trying URL 'https://sparse.tamu.edu/MM/AG-Monien/grid1.tar.gz'
    Warning in download.file(url, temp) :
     URL 'https://sparse.tamu.edu/MM/AG-Monien/grid1.tar.gz': status was 'SSL peer certificate or SSH remote key was not OK'
    Error in download.file(url, temp) :
     cannot open URL 'https://sparse.tamu.edu/MM/AG-Monien/grid1.tar.gz'
    Calls: download_graph -> download.file
    Execution halted
Flavors: r-devel-linux-x86_64-debian-clang, r-devel-linux-x86_64-debian-gcc, r-patched-linux-x86_64, r-release-linux-x86_64

Version: 1.1.1
Check: re-building of vignette outputs
Result: ERROR
    Error(s) in re-building vignettes:
     ...
    --- re-building 'gasper_vignette.rmd' using rmarkdown
    trying URL 'https://sparse.tamu.edu/MM/AG-Monien/grid1.tar.gz'
    Quitting from lines 52-56 (gasper_vignette.rmd)
    Error: processing vignette 'gasper_vignette.rmd' failed with diagnostics:
    cannot open URL 'https://sparse.tamu.edu/MM/AG-Monien/grid1.tar.gz'
    --- failed re-building 'gasper_vignette.rmd'
    
    SUMMARY: processing the following file failed:
     'gasper_vignette.rmd'
    
    Error: Vignette re-building failed.
    Execution halted
Flavors: r-devel-linux-x86_64-debian-clang, r-devel-linux-x86_64-debian-gcc, r-patched-linux-x86_64, r-release-linux-x86_64

Version: 1.1.1
Check: examples
Result: ERROR
    Running examples in ‘gasper-Ex.R’ failed
    The error most likely occurred in:
    
    > ### Name: HPFVN
    > ### Title: High Pass Filter Von Neumann Estimator.
    > ### Aliases: HPFVN
    >
    > ### ** Examples
    >
    > matrixname <- "grid1"
    > groupname <- "AG-Monien"
    > graph <- download_graph(matrixname,groupname)
    trying URL 'https://sparse.tamu.edu/MM/AG-Monien/grid1.tar.gz'
    Warning in download.file(url, temp) :
     URL 'https://sparse.tamu.edu/MM/AG-Monien/grid1.tar.gz': status was 'SSL peer certificate or SSH remote key was not OK'
    Error in download.file(url, temp) :
     cannot open URL 'https://sparse.tamu.edu/MM/AG-Monien/grid1.tar.gz'
    Calls: download_graph -> download.file
    Execution halted
Flavors: r-devel-linux-x86_64-fedora-clang, r-devel-linux-x86_64-fedora-gcc

Version: 1.1.1
Check: re-building of vignette outputs
Result: ERROR
    Error(s) in re-building vignettes:
    --- re-building ‘gasper_vignette.rmd’ using rmarkdown
    trying URL 'https://sparse.tamu.edu/MM/AG-Monien/grid1.tar.gz'
    Quitting from lines 52-56 (gasper_vignette.rmd)
    Error: processing vignette 'gasper_vignette.rmd' failed with diagnostics:
    cannot open URL 'https://sparse.tamu.edu/MM/AG-Monien/grid1.tar.gz'
    --- failed re-building ‘gasper_vignette.rmd’
    
    SUMMARY: processing the following file failed:
     ‘gasper_vignette.rmd’
    
    Error: Vignette re-building failed.
    Execution halted
Flavors: r-devel-linux-x86_64-fedora-clang, r-devel-linux-x86_64-fedora-gcc, r-devel-windows-x86_64, r-release-windows-x86_64

Version: 1.1.1
Check: examples
Result: ERROR
    Running examples in 'gasper-Ex.R' failed
    The error most likely occurred in:
    
    > ### Name: HPFVN
    > ### Title: High Pass Filter Von Neumann Estimator.
    > ### Aliases: HPFVN
    >
    > ### ** Examples
    >
    > matrixname <- "grid1"
    > groupname <- "AG-Monien"
    > graph <- download_graph(matrixname,groupname)
    trying URL 'https://sparse.tamu.edu/MM/AG-Monien/grid1.tar.gz'
    Warning in download.file(url, temp) :
     URL 'https://sparse.tamu.edu/MM/AG-Monien/grid1.tar.gz': status was 'SSL connect error'
    Error in download.file(url, temp) :
     cannot open URL 'https://sparse.tamu.edu/MM/AG-Monien/grid1.tar.gz'
    Calls: download_graph -> download.file
    Execution halted
Flavors: r-devel-windows-x86_64, r-release-windows-x86_64

Version: 1.1.1
Check: running examples for arch ‘i386’
Result: ERROR
    Running examples in 'gasper-Ex.R' failed
    The error most likely occurred in:
    
    > ### Name: HPFVN
    > ### Title: High Pass Filter Von Neumann Estimator.
    > ### Aliases: HPFVN
    >
    > ### ** Examples
    >
    > matrixname <- "grid1"
    > groupname <- "AG-Monien"
    > graph <- download_graph(matrixname,groupname)
    trying URL 'https://sparse.tamu.edu/MM/AG-Monien/grid1.tar.gz'
    Warning in download.file(url, temp) :
     InternetOpenUrl failed: 'Die Serververbindung konnte nicht hergestellt werden.'
    Error in download.file(url, temp) :
     cannot open URL 'https://sparse.tamu.edu/MM/AG-Monien/grid1.tar.gz'
    Calls: download_graph -> download.file
    Execution halted
Flavor: r-oldrel-windows-ix86+x86_64

Version: 1.1.1
Check: running examples for arch ‘x64’
Result: ERROR
    Running examples in 'gasper-Ex.R' failed
    The error most likely occurred in:
    
    > ### Name: HPFVN
    > ### Title: High Pass Filter Von Neumann Estimator.
    > ### Aliases: HPFVN
    >
    > ### ** Examples
    >
    > matrixname <- "grid1"
    > groupname <- "AG-Monien"
    > graph <- download_graph(matrixname,groupname)
    trying URL 'https://sparse.tamu.edu/MM/AG-Monien/grid1.tar.gz'
    Warning in download.file(url, temp) :
     InternetOpenUrl failed: 'Die Serververbindung konnte nicht hergestellt werden.'
    Error in download.file(url, temp) :
     cannot open URL 'https://sparse.tamu.edu/MM/AG-Monien/grid1.tar.gz'
    Calls: download_graph -> download.file
    Execution halted
Flavor: r-oldrel-windows-ix86+x86_64

Version: 1.1.1
Check: re-building of vignette outputs
Result: WARN
    Error(s) in re-building vignettes:
    --- re-building 'gasper_vignette.rmd' using rmarkdown
    trying URL 'https://sparse.tamu.edu/MM/AG-Monien/grid1.tar.gz'
    Quitting from lines 52-56 (gasper_vignette.rmd)
    Error: processing vignette 'gasper_vignette.rmd' failed with diagnostics:
    cannot open URL 'https://sparse.tamu.edu/MM/AG-Monien/grid1.tar.gz'
    --- failed re-building 'gasper_vignette.rmd'
    
    SUMMARY: processing the following file failed:
     'gasper_vignette.rmd'
    
    Error: Vignette re-building failed.
    Execution halted
Flavor: r-oldrel-windows-ix86+x86_64