CRAN Package Check Results for Package gear

Last updated on 2022-08-09 04:52:20 CEST.

Flavor Version Tinstall Tcheck Ttotal Status Flags
r-devel-linux-x86_64-debian-clang 0.3.4 22.75 164.80 187.55 NOTE
r-devel-linux-x86_64-debian-gcc 0.3.4 18.02 117.99 136.01 NOTE
r-devel-linux-x86_64-fedora-clang 0.3.4 246.01 NOTE
r-devel-linux-x86_64-fedora-gcc 0.3.4 229.86 NOTE
r-devel-windows-x86_64 0.3.4 132.00 219.00 351.00 OK
r-patched-linux-x86_64 0.3.4 22.83 155.81 178.64 NOTE
r-release-linux-x86_64 0.3.4 NOTE
r-release-macos-arm64 0.3.4 68.00 OK
r-release-macos-x86_64 0.3.4 133.00 OK
r-release-windows-x86_64 0.3.4 134.00 218.00 352.00 OK
r-oldrel-macos-arm64 0.3.4 74.00 OK
r-oldrel-macos-x86_64 0.3.4 95.00 OK
r-oldrel-windows-ix86+x86_64 0.3.4 60.00 342.00 402.00 OK

Check Details

Version: 0.3.4
Check: package dependencies
Result: NOTE
    Package suggested but not available for checking: 'geoR'
Flavors: r-devel-linux-x86_64-debian-clang, r-devel-linux-x86_64-debian-gcc, r-devel-linux-x86_64-fedora-clang, r-devel-linux-x86_64-fedora-gcc, r-patched-linux-x86_64, r-release-linux-x86_64