CRAN Package Check Results for Package gemma2

Last updated on 2022-08-07 04:53:37 CEST.

Flavor Version Tinstall Tcheck Ttotal Status Flags
r-devel-linux-x86_64-debian-clang 0.1.3 3.04 487.95 490.99 NOTE
r-devel-linux-x86_64-debian-gcc 0.1.3 2.34 313.47 315.81 NOTE
r-devel-linux-x86_64-fedora-clang 0.1.3 535.66 NOTE
r-devel-linux-x86_64-fedora-gcc 0.1.3 558.88 NOTE
r-devel-windows-x86_64 0.1.3 16.00 451.00 467.00 NOTE
r-patched-linux-x86_64 0.1.3 3.35 454.80 458.15 NOTE
r-release-linux-x86_64 0.1.3 1.93 445.45 447.38 NOTE
r-release-macos-arm64 0.1.3 106.00 NOTE
r-release-macos-x86_64 0.1.3 142.00 NOTE
r-release-windows-x86_64 0.1.3 7.00 453.00 460.00 NOTE
r-oldrel-macos-arm64 0.1.3 121.00 NOTE
r-oldrel-macos-x86_64 0.1.3 208.00 NOTE
r-oldrel-windows-ix86+x86_64 0.1.3 8.00 530.00 538.00 NOTE

Check Details

Version: 0.1.3
Check: LazyData
Result: NOTE
     'LazyData' is specified without a 'data' directory
Flavors: r-devel-linux-x86_64-debian-clang, r-devel-linux-x86_64-debian-gcc, r-devel-linux-x86_64-fedora-clang, r-devel-linux-x86_64-fedora-gcc, r-devel-windows-x86_64, r-patched-linux-x86_64, r-release-linux-x86_64, r-release-macos-arm64, r-release-macos-x86_64, r-release-windows-x86_64, r-oldrel-macos-arm64, r-oldrel-macos-x86_64, r-oldrel-windows-ix86+x86_64

Version: 0.1.3
Check: dependencies in R code
Result: NOTE
    Namespace in Imports field not imported from: ‘methods’
     All declared Imports should be used.
Flavors: r-devel-linux-x86_64-fedora-clang, r-devel-linux-x86_64-fedora-gcc, r-release-macos-arm64, r-release-macos-x86_64, r-oldrel-macos-arm64, r-oldrel-macos-x86_64