CRAN Package Check Results for Package genlogis

Last updated on 2022-11-30 03:58:24 CET.

Flavor Version Tinstall Tcheck Ttotal Status Flags
r-devel-linux-x86_64-debian-clang 1.0.0 7.39 62.27 69.66 NOTE
r-devel-linux-x86_64-debian-gcc 1.0.0 5.00 46.20 51.20 NOTE
r-devel-linux-x86_64-fedora-clang 1.0.0 97.81 NOTE
r-devel-linux-x86_64-fedora-gcc 1.0.0 100.18 NOTE
r-devel-windows-x86_64 1.0.0 18.00 104.00 122.00 NOTE
r-patched-linux-x86_64 1.0.0 6.01 57.06 63.07 NOTE
r-release-linux-x86_64 1.0.0 6.91 57.38 64.29 NOTE
r-release-macos-arm64 1.0.0 49.00 NOTE
r-release-macos-x86_64 1.0.0 57.00 NOTE
r-release-windows-x86_64 1.0.0 17.00 107.00 124.00 NOTE
r-oldrel-macos-arm64 1.0.0 39.00 NOTE
r-oldrel-macos-x86_64 1.0.0 73.00 NOTE
r-oldrel-windows-ix86+x86_64 1.0.0 17.00 95.00 112.00 NOTE

Additional issues

donttest

Check Details

Version: 1.0.0
Check: LazyData
Result: NOTE
     'LazyData' is specified without a 'data' directory
Flavors: r-devel-linux-x86_64-debian-clang, r-devel-linux-x86_64-debian-gcc, r-devel-linux-x86_64-fedora-clang, r-devel-linux-x86_64-fedora-gcc, r-devel-windows-x86_64, r-patched-linux-x86_64, r-release-linux-x86_64, r-release-macos-arm64, r-release-macos-x86_64, r-release-windows-x86_64, r-oldrel-macos-arm64, r-oldrel-macos-x86_64, r-oldrel-windows-ix86+x86_64