Last updated on 2023-01-30 04:52:22 CET.
Flavor | Version | Tinstall | Tcheck | Ttotal | Status | Flags |
---|---|---|---|---|---|---|
r-devel-linux-x86_64-debian-clang | 1.0.2 | 16.22 | 128.03 | 144.25 | WARN | |
r-devel-linux-x86_64-debian-gcc | 1.0.2 | 14.29 | 94.12 | 108.41 | WARN | |
r-devel-linux-x86_64-fedora-clang | 1.0.2 | 181.12 | WARN | |||
r-devel-linux-x86_64-fedora-gcc | 1.0.2 | 187.32 | WARN | |||
r-devel-windows-x86_64 | 1.0.2 | 49.00 | 194.00 | 243.00 | NOTE | |
r-patched-linux-x86_64 | 1.0.2 | 17.91 | 119.85 | 137.76 | NOTE | |
r-release-linux-x86_64 | 1.0.2 | 15.41 | 118.14 | 133.55 | NOTE | |
r-release-macos-arm64 | 1.0.2 | 55.00 | NOTE | |||
r-release-macos-x86_64 | 1.0.2 | 69.00 | NOTE | |||
r-release-windows-x86_64 | 1.0.2 | 65.00 | 179.00 | 244.00 | NOTE | |
r-oldrel-macos-arm64 | 1.0.2 | 64.00 | NOTE | |||
r-oldrel-macos-x86_64 | 1.0.2 | 92.00 | NOTE | |||
r-oldrel-windows-ix86+x86_64 | 1.0.2 | 38.00 | 271.00 | 309.00 | NOTE |
Version: 1.0.2
Check: whether package can be installed
Result: WARN
Found the following significant warnings:
arms.c:99:16: warning: a function declaration without a prototype is deprecated in all versions of C [-Wstrict-prototypes]
arms.c:900:16: warning: a function declaration without a prototype is deprecated in all versions of C [-Wstrict-prototypes]
See ‘/home/hornik/tmp/R.check/r-devel-clang/Work/PKGS/genscore.Rcheck/00install.out’ for details.
* used C compiler: ‘Debian clang version 15.0.6’
Flavor: r-devel-linux-x86_64-debian-clang
Version: 1.0.2
Check: LazyData
Result: NOTE
'LazyData' is specified without a 'data' directory
Flavors: r-devel-linux-x86_64-debian-clang, r-devel-linux-x86_64-debian-gcc, r-devel-linux-x86_64-fedora-clang, r-devel-linux-x86_64-fedora-gcc, r-devel-windows-x86_64, r-patched-linux-x86_64, r-release-linux-x86_64, r-release-macos-arm64, r-release-macos-x86_64, r-release-windows-x86_64, r-oldrel-macos-arm64, r-oldrel-macos-x86_64, r-oldrel-windows-ix86+x86_64
Version: 1.0.2
Check: whether package can be installed
Result: WARN
Found the following significant warnings:
arms.c:99:1: warning: function declaration isn’t a prototype [-Wstrict-prototypes]
arms.c:900:8: warning: function declaration isn’t a prototype [-Wstrict-prototypes]
See ‘/home/hornik/tmp/R.check/r-devel-gcc/Work/PKGS/genscore.Rcheck/00install.out’ for details.
* used C compiler: ‘gcc-12 (Debian 12.2.0-14) 12.2.0’
Flavor: r-devel-linux-x86_64-debian-gcc
Version: 1.0.2
Check: whether package can be installed
Result: WARN
Found the following significant warnings:
arms.c:99:16: warning: a function declaration without a prototype is deprecated in all versions of C [-Wstrict-prototypes]
arms.c:900:16: warning: a function declaration without a prototype is deprecated in all versions of C [-Wstrict-prototypes]
See ‘/data/gannet/ripley/R/packages/tests-clang/genscore.Rcheck/00install.out’ for details.
* used C compiler: ‘clang version 15.0.7’
Flavor: r-devel-linux-x86_64-fedora-clang
Version: 1.0.2
Check: whether package can be installed
Result: WARN
Found the following significant warnings:
arms.c:99:1: warning: function declaration isn’t a prototype [-Wstrict-prototypes]
arms.c:900:8: warning: function declaration isn’t a prototype [-Wstrict-prototypes]
See ‘/data/gannet/ripley/R/packages/tests-devel/genscore.Rcheck/00install.out’ for details.
* used C compiler: ‘gcc (GCC) 12.2.1 20221121 (Red Hat 12.2.1-4)’
Flavor: r-devel-linux-x86_64-fedora-gcc