CRAN Package Check Results for Package geocacheR

Last updated on 2024-07-19 04:56:38 CEST.

Flavor Version Tinstall Tcheck Ttotal Status Flags
r-devel-linux-x86_64-debian-clang 0.1.0 5.61 44.30 49.91 NOTE
r-devel-linux-x86_64-debian-gcc 0.1.0 3.11 32.75 35.86 NOTE
r-devel-linux-x86_64-fedora-clang 0.1.0 61.23 NOTE
r-devel-linux-x86_64-fedora-gcc 0.1.0 56.36 NOTE
r-devel-windows-x86_64 0.1.0 6.00 55.00 61.00 NOTE
r-patched-linux-x86_64 0.1.0 5.64 42.05 47.69 NOTE
r-release-linux-x86_64 0.1.0 4.38 40.73 45.11 NOTE
r-release-macos-arm64 0.1.0 22.00 NOTE
r-release-macos-x86_64 0.1.0 32.00 NOTE
r-release-windows-x86_64 0.1.0 5.00 54.00 59.00 NOTE
r-oldrel-macos-arm64 0.1.0 24.00 NOTE
r-oldrel-macos-x86_64 0.1.0 33.00 NOTE
r-oldrel-windows-x86_64 0.1.0 7.00 59.00 66.00 NOTE

Check Details

Version: 0.1.0
Check: LazyData
Result: NOTE 'LazyData' is specified without a 'data' directory Flavors: r-devel-linux-x86_64-debian-clang, r-devel-linux-x86_64-debian-gcc, r-devel-linux-x86_64-fedora-clang, r-devel-linux-x86_64-fedora-gcc, r-devel-windows-x86_64, r-patched-linux-x86_64, r-release-linux-x86_64, r-release-macos-arm64, r-release-macos-x86_64, r-release-windows-x86_64, r-oldrel-macos-arm64, r-oldrel-macos-x86_64, r-oldrel-windows-x86_64

Version: 0.1.0
Check: dependencies in R code
Result: NOTE Namespace in Imports field not imported from: ‘tibble’ All declared Imports should be used. Flavors: r-devel-linux-x86_64-fedora-clang, r-devel-linux-x86_64-fedora-gcc