CRAN Package Check Results for Package geomander

Last updated on 2022-11-29 03:56:12 CET.

Flavor Version Tinstall Tcheck Ttotal Status Flags
r-devel-linux-x86_64-debian-clang 2.1.0 69.11 190.04 259.15 OK
r-devel-linux-x86_64-debian-gcc 2.1.0 49.42 140.03 189.45 OK
r-devel-linux-x86_64-fedora-clang 2.1.0 365.45 NOTE
r-devel-linux-x86_64-fedora-gcc 2.1.0 315.83 NOTE
r-devel-windows-x86_64 2.1.0 64.00 257.00 321.00 OK
r-patched-linux-x86_64 2.1.0 55.57 174.51 230.08 OK
r-release-linux-x86_64 2.1.0 51.64 170.50 222.14 OK
r-release-macos-arm64 2.1.0 88.00 NOTE
r-release-macos-x86_64 2.1.0 115.00 NOTE
r-release-windows-x86_64 2.1.0 97.00 250.00 347.00 OK
r-oldrel-macos-arm64 2.1.0 82.00 NOTE
r-oldrel-macos-x86_64 2.1.0 113.00 NOTE
r-oldrel-windows-ix86+x86_64 2.1.0 155.00 343.00 498.00 OK

Check Details

Version: 2.1.0
Check: dependencies in R code
Result: NOTE
    Namespace in Imports field not imported from: ‘Rcpp’
     All declared Imports should be used.
Flavors: r-devel-linux-x86_64-fedora-clang, r-devel-linux-x86_64-fedora-gcc, r-release-macos-arm64, r-release-macos-x86_64, r-oldrel-macos-arm64, r-oldrel-macos-x86_64