Last updated on 2023-02-05 03:53:47 CET.
Flavor | Version | Tinstall | Tcheck | Ttotal | Status | Flags |
---|---|---|---|---|---|---|
r-devel-linux-x86_64-debian-clang | 0.2.6 | 37.09 | 309.16 | 346.25 | OK | |
r-devel-linux-x86_64-debian-gcc | 0.2.6 | 28.45 | 222.33 | 250.78 | OK | |
r-devel-linux-x86_64-fedora-clang | 0.2.6 | 412.85 | NOTE | |||
r-devel-linux-x86_64-fedora-gcc | 0.2.6 | 415.58 | NOTE | |||
r-devel-windows-x86_64 | 0.2.6 | 35.00 | 320.00 | 355.00 | OK | |
r-patched-linux-x86_64 | 0.2.6 | 33.47 | 296.85 | 330.32 | OK | |
r-release-linux-x86_64 | 0.2.6 | 33.64 | 290.55 | 324.19 | OK | |
r-release-macos-arm64 | 0.2.6 | 76.00 | NOTE | |||
r-release-macos-x86_64 | 0.2.6 | 121.00 | NOTE | |||
r-release-windows-x86_64 | 0.2.6 | 47.00 | 320.00 | 367.00 | OK | |
r-oldrel-macos-arm64 | 0.2.6 | 76.00 | NOTE | |||
r-oldrel-macos-x86_64 | 0.2.6 | 117.00 | NOTE | |||
r-oldrel-windows-ix86+x86_64 | 0.2.6 | 78.00 | 305.00 | 383.00 | OK |
Version: 0.2.6
Check: data for non-ASCII characters
Result: NOTE
Note: found 64 marked Latin-1 strings
Note: found 25 marked UTF-8 strings
Flavors: r-devel-linux-x86_64-fedora-clang, r-devel-linux-x86_64-fedora-gcc, r-release-macos-arm64, r-release-macos-x86_64, r-oldrel-macos-arm64, r-oldrel-macos-x86_64