CRAN Package Check Results for Package gesso

Last updated on 2022-12-05 03:55:00 CET.

Flavor Version Tinstall Tcheck Ttotal Status Flags
r-devel-linux-x86_64-debian-clang 1.0.2 162.35 209.25 371.60 OK
r-devel-linux-x86_64-debian-gcc 1.0.2 145.70 163.93 309.63 OK
r-devel-linux-x86_64-fedora-clang 1.0.2 481.70 OK
r-devel-linux-x86_64-fedora-gcc 1.0.2 516.63 OK
r-devel-windows-x86_64 1.0.2 167.00 216.00 383.00 OK
r-patched-linux-x86_64 1.0.2 154.45 208.76 363.21 OK
r-release-linux-x86_64 1.0.2 153.92 207.49 361.41 OK
r-release-macos-arm64 1.0.2 127.00 NOTE
r-release-macos-x86_64 1.0.2 189.00 NOTE
r-release-windows-x86_64 1.0.2 141.00 222.00 363.00 OK
r-oldrel-macos-arm64 1.0.2 728.00 NOTE
r-oldrel-macos-x86_64 1.0.2 144.00 NOTE
r-oldrel-windows-ix86+x86_64 1.0.2 334.00 282.00 616.00 OK

Check Details

Version: 1.0.2
Check: installed package size
Result: NOTE
     installed size is 34.1Mb
     sub-directories of 1Mb or more:
     libs 33.8Mb
Flavors: r-release-macos-arm64, r-release-macos-x86_64, r-oldrel-macos-arm64, r-oldrel-macos-x86_64