CRAN Package Check Results for Package ggExtra

Last updated on 2022-10-02 04:49:56 CEST.

Flavor Version Tinstall Tcheck Ttotal Status Flags
r-devel-linux-x86_64-debian-clang 0.10.0 6.74 59.02 65.76 NOTE
r-devel-linux-x86_64-debian-gcc 0.10.0 5.37 45.24 50.61 NOTE
r-devel-linux-x86_64-fedora-clang 0.10.0 91.33 NOTE
r-devel-linux-x86_64-fedora-gcc 0.10.0 92.03 NOTE
r-devel-windows-x86_64 0.10.0 299.00 96.00 395.00 OK
r-patched-linux-x86_64 0.10.0 6.00 57.23 63.23 NOTE
r-release-linux-x86_64 0.10.0 4.56 57.15 61.71 NOTE
r-release-macos-arm64 0.10.0 35.00 NOTE
r-release-macos-x86_64 0.10.0 52.00 NOTE
r-release-windows-x86_64 0.10.0 397.00 97.00 494.00 OK
r-oldrel-macos-arm64 0.10.0 31.00 NOTE
r-oldrel-macos-x86_64 0.10.0 41.00 NOTE
r-oldrel-windows-ix86+x86_64 0.10.0 14.00 86.00 100.00 OK

Check Details

Version: 0.10.0
Check: R code for possible problems
Result: NOTE
    Found the following assignments to the global environment:
    File 'ggExtra/R/ggMarginalGadget.R':
     assign(plotname, eval(parse(text = origPlot)), envir = .GlobalEnv)
Flavors: r-devel-linux-x86_64-debian-clang, r-devel-linux-x86_64-debian-gcc, r-devel-linux-x86_64-fedora-clang, r-patched-linux-x86_64, r-release-linux-x86_64

Version: 0.10.0
Check: dependencies in R code
Result: NOTE
    Namespaces in Imports field not imported from:
     ‘R6’ ‘grDevices’ ‘scales’ ‘utils’
     All declared Imports should be used.
Flavors: r-devel-linux-x86_64-fedora-clang, r-devel-linux-x86_64-fedora-gcc, r-release-macos-arm64, r-release-macos-x86_64, r-oldrel-macos-arm64, r-oldrel-macos-x86_64