CRAN Package Check Results for Package ggbump

Last updated on 2022-08-18 04:56:26 CEST.

Flavor Version Tinstall Tcheck Ttotal Status Flags
r-devel-linux-x86_64-debian-clang 0.1.0 5.93 51.91 57.84 NOTE
r-devel-linux-x86_64-debian-gcc 0.1.0 4.20 38.21 42.41 NOTE
r-devel-linux-x86_64-fedora-clang 0.1.0 77.31 NOTE
r-devel-linux-x86_64-fedora-gcc 0.1.0 75.74 NOTE
r-devel-windows-x86_64 0.1.0 11.00 73.00 84.00 NOTE
r-patched-linux-x86_64 0.1.0 4.71 47.85 52.56 NOTE
r-release-linux-x86_64 0.1.0 5.61 48.14 53.75 NOTE
r-release-macos-arm64 0.1.0 23.00 NOTE
r-release-macos-x86_64 0.1.0 54.00 NOTE
r-release-windows-x86_64 0.1.0 10.00 75.00 85.00 NOTE
r-oldrel-macos-arm64 0.1.0 24.00 NOTE
r-oldrel-macos-x86_64 0.1.0 37.00 NOTE
r-oldrel-windows-ix86+x86_64 0.1.0 14.00 74.00 88.00 NOTE

Check Details

Version: 0.1.0
Check: LazyData
Result: NOTE
     'LazyData' is specified without a 'data' directory
Flavors: r-devel-linux-x86_64-debian-clang, r-devel-linux-x86_64-debian-gcc, r-devel-linux-x86_64-fedora-clang, r-devel-linux-x86_64-fedora-gcc, r-devel-windows-x86_64, r-patched-linux-x86_64, r-release-linux-x86_64, r-release-macos-arm64, r-release-macos-x86_64, r-release-windows-x86_64, r-oldrel-macos-arm64, r-oldrel-macos-x86_64, r-oldrel-windows-ix86+x86_64