CRAN Package Check Results for Package ggconf

Last updated on 2022-08-19 05:01:38 CEST.

Flavor Version Tinstall Tcheck Ttotal Status Flags
r-devel-linux-x86_64-debian-clang 0.1.3 28.25 67.11 95.36 NOTE
r-devel-linux-x86_64-debian-gcc 0.1.3 24.19 49.84 74.03 NOTE
r-devel-linux-x86_64-fedora-clang 0.1.3 128.85 NOTE
r-devel-linux-x86_64-fedora-gcc 0.1.3 129.87 NOTE
r-devel-windows-x86_64 0.1.3 52.00 93.00 145.00 NOTE
r-patched-linux-x86_64 0.1.3 26.76 62.57 89.33 NOTE
r-release-linux-x86_64 0.1.3 NOTE
r-release-macos-arm64 0.1.3 33.00 NOTE
r-release-macos-x86_64 0.1.3 58.00 NOTE
r-release-windows-x86_64 0.1.3 59.00 98.00 157.00 NOTE
r-oldrel-macos-arm64 0.1.3 39.00 NOTE
r-oldrel-macos-x86_64 0.1.3 53.00 NOTE
r-oldrel-windows-ix86+x86_64 0.1.3 50.00 88.00 138.00 NOTE

Check Details

Version: 0.1.3
Check: LazyData
Result: NOTE
     'LazyData' is specified without a 'data' directory
Flavors: r-devel-linux-x86_64-debian-clang, r-devel-linux-x86_64-debian-gcc, r-devel-linux-x86_64-fedora-clang, r-devel-linux-x86_64-fedora-gcc, r-devel-windows-x86_64, r-patched-linux-x86_64, r-release-linux-x86_64, r-release-macos-arm64, r-release-macos-x86_64, r-release-windows-x86_64, r-oldrel-macos-arm64, r-oldrel-macos-x86_64, r-oldrel-windows-ix86+x86_64