Last updated on 2023-01-29 03:55:15 CET.
Flavor | Version | Tinstall | Tcheck | Ttotal | Status | Flags |
---|---|---|---|---|---|---|
r-devel-linux-x86_64-debian-clang | 0.4.1 | 103.08 | 175.28 | 278.36 | OK | |
r-devel-linux-x86_64-debian-gcc | 0.4.1 | 84.08 | 129.41 | 213.49 | OK | |
r-devel-linux-x86_64-fedora-clang | 0.4.1 | 389.29 | OK | |||
r-devel-linux-x86_64-fedora-gcc | 0.4.1 | 356.88 | OK | |||
r-devel-windows-x86_64 | 0.4.1 | 145.00 | 242.00 | 387.00 | OK | |
r-patched-linux-x86_64 | 0.4.1 | 93.52 | 166.37 | 259.89 | OK | |
r-release-linux-x86_64 | 0.4.1 | 87.46 | 168.42 | 255.88 | OK | |
r-release-macos-arm64 | 0.4.1 | 93.00 | NOTE | |||
r-release-macos-x86_64 | 0.4.1 | 118.00 | NOTE | |||
r-release-windows-x86_64 | 0.4.1 | 153.00 | 217.00 | 370.00 | OK | |
r-oldrel-macos-arm64 | 0.4.1 | 92.00 | NOTE | |||
r-oldrel-macos-x86_64 | 0.4.1 | 116.00 | NOTE | |||
r-oldrel-windows-ix86+x86_64 | 0.4.1 | 226.00 | 314.00 | 540.00 | OK |
Version: 0.4.1
Check: installed package size
Result: NOTE
installed size is 21.0Mb
sub-directories of 1Mb or more:
help 1.2Mb
libs 18.9Mb
Flavors: r-release-macos-arm64, r-release-macos-x86_64, r-oldrel-macos-arm64, r-oldrel-macos-x86_64