CRAN Package Check Results for Package ggjoy

Last updated on 2022-09-25 04:52:57 CEST.

Flavor Version Tinstall Tcheck Ttotal Status Flags
r-devel-linux-x86_64-debian-clang 0.4.1 5.06 53.70 58.76 NOTE
r-devel-linux-x86_64-debian-gcc 0.4.1 5.07 40.21 45.28 NOTE
r-devel-linux-x86_64-fedora-clang 0.4.1 80.75 NOTE
r-devel-linux-x86_64-fedora-gcc 0.4.1 84.41 NOTE
r-devel-windows-x86_64 0.4.1 10.00 80.00 90.00 NOTE
r-patched-linux-x86_64 0.4.1 8.54 51.10 59.64 NOTE
r-release-linux-x86_64 0.4.1 5.64 50.91 56.55 NOTE
r-release-macos-arm64 0.4.1 23.00 NOTE
r-release-macos-x86_64 0.4.1 51.00 NOTE
r-release-windows-x86_64 0.4.1 12.00 79.00 91.00 NOTE
r-oldrel-macos-arm64 0.4.1 24.00 NOTE
r-oldrel-macos-x86_64 0.4.1 42.00 NOTE
r-oldrel-windows-ix86+x86_64 0.4.1 15.00 76.00 91.00 NOTE

Check Details

Version: 0.4.1
Check: LazyData
Result: NOTE
     'LazyData' is specified without a 'data' directory
Flavors: r-devel-linux-x86_64-debian-clang, r-devel-linux-x86_64-debian-gcc, r-devel-linux-x86_64-fedora-clang, r-devel-linux-x86_64-fedora-gcc, r-devel-windows-x86_64, r-patched-linux-x86_64, r-release-linux-x86_64, r-release-macos-arm64, r-release-macos-x86_64, r-release-windows-x86_64, r-oldrel-macos-arm64, r-oldrel-macos-x86_64, r-oldrel-windows-ix86+x86_64