CRAN Package Check Results for Package ggplotify

Last updated on 2022-09-30 04:59:10 CEST.

Flavor Version Tinstall Tcheck Ttotal Status Flags
r-devel-linux-x86_64-debian-clang 0.1.0 5.36 64.54 69.90 NOTE
r-devel-linux-x86_64-debian-gcc 0.1.0 4.36 48.13 52.49 NOTE
r-devel-linux-x86_64-fedora-clang 0.1.0 96.71 NOTE
r-devel-linux-x86_64-fedora-gcc 0.1.0 96.52 NOTE
r-devel-windows-x86_64 0.1.0 16.00 94.00 110.00 NOTE
r-patched-linux-x86_64 0.1.0 4.84 62.68 67.52 OK
r-release-linux-x86_64 0.1.0 4.62 61.26 65.88 OK
r-release-macos-arm64 0.1.0 27.00 OK
r-release-macos-x86_64 0.1.0 41.00 OK
r-release-windows-x86_64 0.1.0 19.00 91.00 110.00 OK
r-oldrel-macos-arm64 0.1.0 47.00 OK
r-oldrel-macos-x86_64 0.1.0 37.00 OK
r-oldrel-windows-ix86+x86_64 0.1.0 14.00 88.00 102.00 OK

Check Details

Version: 0.1.0
Check: package subdirectories
Result: NOTE
    Problems with news in 'NEWS.md':
     Cannot extract version info from the following section titles:
     History
Flavors: r-devel-linux-x86_64-debian-clang, r-devel-linux-x86_64-debian-gcc, r-devel-linux-x86_64-fedora-clang, r-devel-linux-x86_64-fedora-gcc, r-devel-windows-x86_64