Last updated on 2023-09-30 05:22:04 CEST.
Flavor | Version | Tinstall | Tcheck | Ttotal | Status | Flags |
---|---|---|---|---|---|---|
r-devel-linux-x86_64-debian-clang | 0.6.0 | 19.22 | 322.24 | 341.46 | OK | |
r-devel-linux-x86_64-debian-gcc | 0.6.0 | 12.73 | 240.66 | 253.39 | OK | |
r-devel-linux-x86_64-fedora-clang | 0.6.0 | 405.48 | NOTE | |||
r-devel-linux-x86_64-fedora-gcc | 0.6.0 | 396.76 | OK | |||
r-devel-windows-x86_64 | 0.6.0 | 19.00 | 247.00 | 266.00 | OK | |
r-patched-linux-x86_64 | 0.6.0 | 25.64 | 313.38 | 339.02 | OK | |
r-release-linux-x86_64 | 0.6.0 | 17.24 | 305.75 | 322.99 | OK | |
r-release-macos-arm64 | 0.6.0 | 119.00 | OK | |||
r-release-macos-x86_64 | 0.6.0 | 194.00 | OK | |||
r-release-windows-x86_64 | 0.6.0 | 24.00 | 335.00 | 359.00 | OK | |
r-oldrel-macos-arm64 | 0.6.0 | 67.00 | OK | |||
r-oldrel-macos-x86_64 | 0.6.0 | 138.00 | OK | |||
r-oldrel-windows-x86_64 | 0.6.0 | 22.00 | 310.00 | 332.00 | OK |
Version: 0.6.0
Check: Rd cross-references
Result: NOTE
Undeclared package ‘car’ in Rd xrefs
Flavor: r-devel-linux-x86_64-fedora-clang