Last updated on 2022-08-12 04:53:24 CEST.
Flavor | Version | Tinstall | Tcheck | Ttotal | Status | Flags |
---|---|---|---|---|---|---|
r-devel-linux-x86_64-debian-clang | 1.1.0 | 32.18 | 280.64 | 312.82 | OK | |
r-devel-linux-x86_64-debian-gcc | 1.1.0 | 30.09 | 201.06 | 231.15 | OK | |
r-devel-linux-x86_64-fedora-clang | 1.1.0 | 398.10 | NOTE | |||
r-devel-linux-x86_64-fedora-gcc | 1.1.0 | 393.72 | NOTE | |||
r-devel-windows-x86_64 | 1.1.0 | 86.00 | 325.00 | 411.00 | OK | |
r-patched-linux-x86_64 | 1.1.0 | 34.41 | 262.52 | 296.93 | OK | |
r-release-linux-x86_64 | 1.1.0 | 28.96 | 264.97 | 293.93 | OK | |
r-release-macos-arm64 | 1.1.0 | 96.00 | NOTE | |||
r-release-macos-x86_64 | 1.1.0 | 165.00 | NOTE | |||
r-release-windows-x86_64 | 1.1.0 | 94.00 | 313.00 | 407.00 | OK | |
r-oldrel-macos-arm64 | 1.1.0 | 105.00 | NOTE | |||
r-oldrel-macos-x86_64 | 1.1.0 | 126.00 | NOTE | |||
r-oldrel-windows-ix86+x86_64 | 1.1.0 | 59.00 | 330.00 | 389.00 | OK |
Version: 1.1.0
Check: dependencies in R code
Result: NOTE
Namespace in Imports field not imported from: ‘methods’
All declared Imports should be used.
Flavors: r-devel-linux-x86_64-fedora-clang, r-devel-linux-x86_64-fedora-gcc, r-release-macos-arm64, r-release-macos-x86_64, r-oldrel-macos-arm64, r-oldrel-macos-x86_64
Version: 1.1.0
Check: data for non-ASCII characters
Result: NOTE
Note: found 11 marked UTF-8 strings
Flavors: r-devel-linux-x86_64-fedora-clang, r-devel-linux-x86_64-fedora-gcc, r-release-macos-arm64, r-release-macos-x86_64, r-oldrel-macos-arm64, r-oldrel-macos-x86_64