Last updated on 2023-01-31 04:06:21 CET.
Flavor | Version | Tinstall | Tcheck | Ttotal | Status | Flags |
---|---|---|---|---|---|---|
r-devel-linux-x86_64-debian-clang | 0.1.0 | 38.38 | 76.38 | 114.76 | OK | |
r-devel-linux-x86_64-debian-gcc | 0.1.0 | 29.55 | 59.22 | 88.77 | NOTE | |
r-devel-linux-x86_64-fedora-clang | 0.1.0 | 151.86 | NOTE | |||
r-devel-linux-x86_64-fedora-gcc | 0.1.0 | 165.07 | NOTE | |||
r-devel-windows-x86_64 | 0.1.0 | 41.00 | 129.00 | 170.00 | NOTE | |
r-patched-linux-x86_64 | 0.1.0 | 27.02 | 75.72 | 102.74 | OK | |
r-release-linux-x86_64 | 0.1.0 | 33.90 | 76.55 | 110.45 | OK | |
r-release-macos-arm64 | 0.1.0 | 45.00 | NOTE | |||
r-release-macos-x86_64 | 0.1.0 | 59.00 | NOTE | |||
r-release-windows-x86_64 | 0.1.0 | 39.00 | 126.00 | 165.00 | OK | |
r-oldrel-macos-arm64 | 0.1.0 | 50.00 | NOTE | |||
r-oldrel-macos-x86_64 | 0.1.0 | 85.00 | NOTE | |||
r-oldrel-windows-ix86+x86_64 | 0.1.0 | 93.00 | 139.00 | 232.00 | OK |
Version: 0.1.0
Check: C++ specification
Result: NOTE
Specified C++11: please update to current default of C++17
Flavors: r-devel-linux-x86_64-debian-gcc, r-devel-linux-x86_64-fedora-clang, r-devel-linux-x86_64-fedora-gcc, r-devel-windows-x86_64
Version: 0.1.0
Check: installed package size
Result: NOTE
installed size is 6.2Mb
sub-directories of 1Mb or more:
doc 1.1Mb
libs 4.8Mb
Flavors: r-release-macos-arm64, r-release-macos-x86_64, r-oldrel-macos-arm64, r-oldrel-macos-x86_64