CRAN Package Check Results for Package git2r

Last updated on 2022-10-04 04:50:31 CEST.

Flavor Version Tinstall Tcheck Ttotal Status Flags
r-devel-linux-x86_64-debian-clang 0.30.1 19.12 70.06 89.18 OK
r-devel-linux-x86_64-debian-gcc 0.30.1 14.66 54.48 69.14 OK
r-devel-linux-x86_64-fedora-clang 0.30.1 124.36 OK
r-devel-linux-x86_64-fedora-gcc 0.30.1 123.43 OK
r-devel-windows-x86_64 0.30.1 163.00 173.00 336.00 OK
r-patched-linux-x86_64 0.30.1 18.16 65.35 83.51 OK
r-release-linux-x86_64 0.30.1 15.88 66.31 82.19 OK
r-release-macos-arm64 0.30.1 49.00 OK
r-release-macos-x86_64 0.30.1 74.00 OK
r-release-windows-x86_64 0.30.1 180.00 144.00 324.00 OK
r-oldrel-macos-arm64 0.30.1 55.00 OK
r-oldrel-macos-x86_64 0.30.1 78.00 OK
r-oldrel-windows-ix86+x86_64 0.30.1 64.00 175.00 239.00 NOTE

Check Details

Version: 0.30.1
Check: installed package size
Result: NOTE
     installed size is 8.0Mb
     sub-directories of 1Mb or more:
     libs 7.5Mb
Flavor: r-oldrel-windows-ix86+x86_64