Last updated on 2023-02-06 03:54:33 CET.
Flavor | Version | Tinstall | Tcheck | Ttotal | Status | Flags |
---|---|---|---|---|---|---|
r-devel-linux-x86_64-debian-clang | 2.6.2 | 74.69 | 117.08 | 191.77 | NOTE | |
r-devel-linux-x86_64-debian-gcc | 2.6.2 | 52.03 | 83.93 | 135.96 | NOTE | |
r-devel-linux-x86_64-fedora-clang | 2.6.2 | 238.97 | NOTE | |||
r-devel-linux-x86_64-fedora-gcc | 2.6.2 | 245.94 | NOTE | |||
r-devel-windows-x86_64 | 2.6.2 | 84.00 | 163.00 | 247.00 | NOTE | |
r-patched-linux-x86_64 | 2.6.2 | 56.17 | 111.53 | 167.70 | OK | |
r-release-linux-x86_64 | 2.6.2 | 58.79 | 117.20 | 175.99 | OK | |
r-release-macos-arm64 | 2.6.2 | 68.00 | OK | |||
r-release-macos-x86_64 | 2.6.2 | 74.00 | OK | |||
r-release-windows-x86_64 | 2.6.2 | 83.00 | 167.00 | 250.00 | OK | |
r-oldrel-macos-arm64 | 2.6.2 | 64.00 | OK | |||
r-oldrel-macos-x86_64 | 2.6.2 | 74.00 | OK | |||
r-oldrel-windows-ix86+x86_64 | 2.6.2 | 132.00 | 151.00 | 283.00 | OK |
Version: 2.6.2
Check: C++ specification
Result: NOTE
Specified C++11: please update to current default of C++17
Flavors: r-devel-linux-x86_64-debian-clang, r-devel-linux-x86_64-debian-gcc, r-devel-linux-x86_64-fedora-clang, r-devel-linux-x86_64-fedora-gcc, r-devel-windows-x86_64