CRAN Package Check Results for Package gkgraphR

Last updated on 2022-12-10 03:57:30 CET.

Flavor Version Tinstall Tcheck Ttotal Status Flags
r-devel-linux-x86_64-debian-clang 1.0.2 1.64 24.25 25.89 NOTE
r-devel-linux-x86_64-debian-gcc 1.0.2 1.69 18.90 20.59 NOTE
r-devel-linux-x86_64-fedora-clang 1.0.2 43.74 NOTE
r-devel-linux-x86_64-fedora-gcc 1.0.2 52.61 NOTE
r-devel-windows-x86_64 1.0.2 9.00 55.00 64.00 NOTE
r-patched-linux-x86_64 1.0.2 2.18 23.36 25.54 OK
r-release-linux-x86_64 1.0.2 2.04 23.26 25.30 OK
r-release-macos-arm64 1.0.2 17.00 OK
r-release-macos-x86_64 1.0.2 22.00 OK
r-release-windows-x86_64 1.0.2 8.00 55.00 63.00 OK
r-oldrel-macos-arm64 1.0.2 19.00 OK
r-oldrel-macos-x86_64 1.0.2 22.00 OK
r-oldrel-windows-ix86+x86_64 1.0.2 6.00 48.00 54.00 OK

Check Details

Version: 1.0.2
Check: package subdirectories
Result: NOTE
    Problems with news in 'NEWS.md':
    No news entries found.
Flavors: r-devel-linux-x86_64-debian-clang, r-devel-linux-x86_64-debian-gcc, r-devel-linux-x86_64-fedora-clang, r-devel-linux-x86_64-fedora-gcc, r-devel-windows-x86_64