CRAN Package Check Results for Package gmGeostats

Last updated on 2022-08-15 04:50:16 CEST.

Flavor Version Tinstall Tcheck Ttotal Status Flags
r-devel-linux-x86_64-debian-clang 0.11.1 24.06 172.07 196.13 OK
r-devel-linux-x86_64-debian-gcc 0.11.1 22.57 125.74 148.31 OK
r-devel-linux-x86_64-fedora-clang 0.11.1 238.88 NOTE
r-devel-linux-x86_64-fedora-gcc 0.11.1 228.15 NOTE
r-devel-windows-x86_64 0.11.1 153.00 198.00 351.00 OK
r-patched-linux-x86_64 0.11.1 27.16 159.98 187.14 OK
r-release-linux-x86_64 0.11.1 22.09 157.67 179.76 OK
r-release-macos-arm64 0.11.1 67.00 NOTE
r-release-macos-x86_64 0.11.1 89.00 NOTE
r-release-windows-x86_64 0.11.1 149.00 192.00 341.00 OK
r-oldrel-macos-arm64 0.11.1 75.00 NOTE
r-oldrel-macos-x86_64 0.11.1 88.00 NOTE
r-oldrel-windows-ix86+x86_64 0.11.1 48.00 248.00 296.00 OK

Check Details

Version: 0.11.1
Check: data for non-ASCII characters
Result: NOTE
     Note: found 2629 marked UTF-8 strings
Flavors: r-devel-linux-x86_64-fedora-clang, r-devel-linux-x86_64-fedora-gcc, r-release-macos-arm64, r-release-macos-x86_64, r-oldrel-macos-arm64, r-oldrel-macos-x86_64