CRAN Package Check Results for Package gmgm

Last updated on 2022-08-19 05:01:38 CEST.

Flavor Version Tinstall Tcheck Ttotal Status Flags
r-devel-linux-x86_64-debian-clang 1.1.1 12.59 328.34 340.93 NOTE
r-devel-linux-x86_64-debian-gcc 1.1.1 11.81 245.94 257.75 NOTE
r-devel-linux-x86_64-fedora-clang 1.1.1 402.03 NOTE
r-devel-linux-x86_64-fedora-gcc 1.1.1 402.08 NOTE
r-devel-windows-x86_64 1.1.1 28.00 369.00 397.00 NOTE
r-patched-linux-x86_64 1.1.1 13.11 302.41 315.52 OK
r-release-linux-x86_64 1.1.1 OK
r-release-macos-arm64 1.1.1 100.00 OK
r-release-macos-x86_64 1.1.1 138.00 OK
r-release-windows-x86_64 1.1.1 20.00 362.00 382.00 OK
r-oldrel-macos-arm64 1.1.1 89.00 OK
r-oldrel-macos-x86_64 1.1.1 134.00 OK
r-oldrel-windows-ix86+x86_64 1.1.1 26.00 360.00 386.00 OK

Check Details

Version: 1.1.1
Check: HTML version of manual
Result: NOTE
    Found the following HTML validation problems:
    AIC.html:31:1: Warning: inserting implicit <p>
    AIC.html:31:1: Warning: trimming empty <p>
    BIC.html:34:1: Warning: inserting implicit <p>
    BIC.html:34:1: Warning: trimming empty <p>
    gmbn.html:52:1: Warning: inserting implicit <p>
    gmbn.html:52:1: Warning: trimming empty <p>
    gmdbn.html:40:1: Warning: inserting implicit <p>
    gmdbn.html:40:1: Warning: trimming empty <p>
    gmm.html:45:1: Warning: inserting implicit <p>
    gmm.html:45:1: Warning: trimming empty <p>
Flavor: r-devel-linux-x86_64-debian-clang

Version: 1.1.1
Check: HTML version of manual
Result: NOTE
    Found the following HTML validation problems:
    AIC.html:31:1: Warning: inserting implicit <p>
    BIC.html:34:1: Warning: inserting implicit <p>
    gmbn.html:52:1: Warning: inserting implicit <p>
    gmdbn.html:40:1: Warning: inserting implicit <p>
    gmm.html:45:1: Warning: inserting implicit <p>
Flavors: r-devel-linux-x86_64-debian-gcc, r-devel-linux-x86_64-fedora-clang, r-devel-linux-x86_64-fedora-gcc

Version: 1.1.1
Check: HTML version of manual
Result: NOTE
    Found the following HTML validation problems:
    AIC.html:31:1: Warning: inserting implicit <p>
    
    
    AIC.html:31:1: Warning: trimming empty <p>
    
    
    BIC.html:34:1: Warning: inserting implicit <p>
    
    
    BIC.html:34:1: Warning: trimming empty <p>
    
    
    gmbn.html:52:1: Warning: inserting implicit <p>
    
    
    gmbn.html:52:1: Warning: trimming empty <p>
    
    
    gmdbn.html:40:1: Warning: inserting implicit <p>
    
    
    gmdbn.html:40:1: Warning: trimming empty <p>
    
    
    gmm.html:45:1: Warning: inserting implicit <p>
    
    
    gmm.html:45:1: Warning: trimming empty <p>
Flavor: r-devel-windows-x86_64