CRAN Package Check Results for Package gmm

Last updated on 2022-06-29 04:55:55 CEST.

Flavor Version Tinstall Tcheck Ttotal Status Flags
r-devel-linux-x86_64-debian-clang 1.6-6 9.95 104.99 114.94 OK
r-devel-linux-x86_64-debian-gcc 1.6-6 8.88 77.74 86.62 OK
r-devel-linux-x86_64-fedora-clang 1.6-6 137.29 WARN
r-devel-linux-x86_64-fedora-gcc 1.6-6 139.16 WARN
r-devel-windows-x86_64 1.6-6 40.00 158.00 198.00 OK
r-patched-linux-x86_64 1.6-6 11.30 98.64 109.94 OK
r-release-linux-x86_64 1.6-6 9.31 100.22 109.53 OK
r-release-macos-arm64 1.6-6 47.00 OK
r-release-macos-x86_64 1.6-6 62.00 OK
r-release-windows-x86_64 1.6-6 34.00 162.00 196.00 OK
r-oldrel-macos-arm64 1.6-6 55.00 OK
r-oldrel-macos-x86_64 1.6-6 95.00 OK
r-oldrel-windows-ix86+x86_64 1.6-6 22.00 160.00 182.00 OK

Check Details

Version: 1.6-6
Check: re-building of vignette outputs
Result: WARN
    Error(s) in re-building vignettes:
    --- re-building ‘gmm_with_R.rnw’ using knitr
    Warning in nlminb(P$t0, .obj1, x = x, w = w, ...) :
     NA/NaN function evaluation
    Warning in nlminb(P$t0, .obj1, x = x, w = w, ...) :
     NA/NaN function evaluation
    Warning: The provided gradv is not used when smooth=TRUE
    Error: processing vignette 'gmm_with_R.rnw' failed with diagnostics:
    Running 'texi2dvi' on 'gmm_with_R.tex' failed.
    LaTeX errors:
    ! Argument of <c2> has an extra }.
    <inserted text>
     \par
    l.122 \section{Introduction}
    
    ! Paragraph ended before <c2> was complete.
    <to be read again>
     \par
    l.122 \section{Introduction}
    
    ! Argument of <c3> has an extra }.
    <inserted text>
     \par
    l.122 \section{Introduction}
    
    ! Paragraph ended before <c3> was complete.
    <to be read again>
     \par
    l.122 \section{Introduction}
    
    ! Argument of <c4> has an extra }.
    <inserted text>
     \par
    l.122 \section{Introduction}
    
    ! Paragraph ended before <c4> was complete.
    <to be read again>
     \par
    l.122 \section{Introduction}
    
    ! Argument of <c5> has an extra }.
    <inserted text>
     \par
    l.122 \section{Introduction}
    
    ! Paragraph ended before <c5> was complete.
    <to be read again>
     \par
    l.122 \section{Introduction}
    
    ! Argument of <c6> has an extra }.
    <inserted text>
     \par
    l.122 \section{Introduction}
    
    ! Paragraph ended before <c6> was complete.
    <to be read again>
     \par
    l.122 \section{Introduction}
    
    ! Argument of <c7> has an extra }.
    <inserted text>
     \par
    l.122 \section{Introduction}
    
    ! Paragraph ended before <c7> was complete.
    <to be read again>
     \par
    l.122 \section{Introduction}
    
    ! Argument of <c8> has an extra }.
    <inserted text>
     \par
    l.122 \section{Introduction}
    
    ! Paragraph ended before <c8> was complete.
    <to be read again>
     \par
    l.122 \section{Introduction}
    
    ! Argument of <c9> has an extra }.
    <inserted text>
     \par
    l.122 \section{Introduction}
    
    ! Paragraph ended before <c9> was complete.
    <to be read again>
     \par
    l.122 \section{Introduction}
    
    ! Argument of <ca> has an extra }.
    <inserted text>
     \par
    l.122 \section{Introduction}
    
    ! Paragraph ended before <ca> was complete.
    <to be read again>
     \par
    l.122 \section{Introduction}
    
    ! Argument of <cb> has an extra }.
    <inserted text>
     \par
    l.122 \section{Introduction}
    
    ! Paragraph ended before <cb> was complete.
    <to be read again>
     \par
    l.122 \section{Introduction}
    
    ! Argument of <cc> has an extra }.
    <inserted text>
     \par
    l.122 \section{Introduction}
    
    ! Paragraph ended before <cc> was complete.
    <to be read again>
     \par
    l.122 \section{Introduction}
    
    ! Argument of <cd> has an extra }.
    <inserted text>
     \par
    l.122 \section{Introduction}
    
    ! Paragraph ended before <cd> was complete.
    <to be read again>
     \par
    l.122 \section{Introduction}
    
    ! Argument of <ce> has an extra }.
    <inserted text>
     \par
    l.122 \section{Introduction}
    
    ! Paragraph ended before <ce> was complete.
    <to be read again>
     \par
    l.122 \section{Introduction}
    
    ! Argument of <cf> has an extra }.
    <inserted text>
     \par
    l.122 \section{Introduction}
    
    ! Paragraph ended before <cf> was complete.
    <to be read again>
     \par
    l.122 \section{Introduction}
    
    ! Argument of <d0> has an extra }.
    <inserted text>
     \par
    l.122 \section{Introduction}
    
    ! Paragraph ended before <d0> was complete.
    <to be read again>
     \par
    l.122 \section{Introduction}
    
    ! Argument of <d1> has an extra }.
    <inserted text>
     \par
    l.122 \section{Introduction}
    
    ! Paragraph ended before <d1> was complete.
    <to be read again>
     \par
    l.122 \section{Introduction}
    
    ! Argument of <d2> has an extra }.
    <inserted text>
     \par
    l.122 \section{Introduction}
    
    ! Paragraph ended before <d2> was complete.
    <to be read again>
     \par
    l.122 \section{Introduction}
    
    ! Argument of <d3> has an extra }.
    <inserted text>
     \par
    l.122 \section{Introduction}
    
    ! Paragraph ended before <d3> was complete.
    <to be read again>
     \par
    l.122 \section{Introduction}
    
    ! Argument of <d4> has an extra }.
    <inserted text>
     \par
    l.122 \section{Introduction}
    
    ! Paragraph ended before <d4> was complete.
    <to be read again>
     \par
    l.122 \section{Introduction}
    
    ! Argument of <d5> has an extra }.
    <inserted text>
     \par
    l.122 \section{Introduction}
    
    ! Paragraph ended before <d5> was complete.
    <to be read again>
     \par
    l.122 \section{Introduction}
    
    ! Argument of <d6> has an extra }.
    <inserted text>
     \par
    l.122 \section{Introduction}
    
    ! Paragraph ended before <d6> was complete.
    <to be read again>
     \par
    l.122 \section{Introduction}
    
    ! Argument of <d7> has an extra }.
    <inserted text>
     \par
    l.122 \section{Introduction}
    
    ! Paragraph ended before <d7> was complete.
    <to be read again>
     \par
    l.122 \section{Introduction}
    
    ! Argument of <d8> has an extra }.
    <inserted text>
     \par
    l.122 \section{Introduction}
    
    ! Paragraph ended before <d8> was complete.
    <to be read again>
     \par
    l.122 \section{Introduction}
    
    ! Argument of <d9> has an extra }.
    <inserted text>
     \par
    l.122 \section{Introduction}
    
    ! Paragraph ended before <d9> was complete.
    <to be read again>
     \par
    l.122 \section{Introduction}
    
    ! Argument of <da> has an extra }.
    <inserted text>
     \par
    l.122 \section{Introduction}
    
    ! Paragraph ended before <da> was complete.
    <to be read again>
     \par
    l.122 \section{Introduction}
    
    ! Argument of <db> has an extra }.
    <inserted text>
     \par
    l.122 \section{Introduction}
    
    ! Paragraph ended before <db> was complete.
    <to be read again>
     \par
    l.122 \section{Introduction}
    
    ! Argument of <dc> has an extra }.
    <inserted text>
     \par
    l.122 \section{Introduction}
    
    ! Paragraph ended before <dc> was complete.
    <to be read again>
     \par
    l.122 \section{Introduction}
    
    ! Argument of <dd> has an extra }.
    <inserted text>
     \par
    l.122 \section{Introduction}
    
    ! Paragraph ended before <dd> was complete.
    <to be read again>
     \par
    l.122 \section{Introduction}
    
    ! Argument of <de> has an extra }.
    <inserted text>
     \par
    l.122 \section{Introduction}
    
    ! Paragraph ended before <de> was complete.
    <to be read again>
     \par
    l.122 \section{Introduction}
    
    ! Argument of <df> has an extra }.
    <in
    --- failed re-building ‘gmm_with_R.rnw’
    
    SUMMARY: processing the following file failed:
     ‘gmm_with_R.rnw’
    
    Error: Vignette re-building failed.
    Execution halted
Flavors: r-devel-linux-x86_64-fedora-clang, r-devel-linux-x86_64-fedora-gcc