Last updated on 2023-01-30 04:52:23 CET.
Flavor | Version | Tinstall | Tcheck | Ttotal | Status | Flags |
---|---|---|---|---|---|---|
r-devel-linux-x86_64-debian-clang | 1.6.4 | 234.71 | 150.51 | 385.22 | OK | |
r-devel-linux-x86_64-debian-gcc | 1.6.4 | 184.97 | 108.55 | 293.52 | NOTE | |
r-devel-linux-x86_64-fedora-clang | 1.6.4 | 588.45 | OK | |||
r-devel-linux-x86_64-fedora-gcc | 1.6.4 | 538.55 | NOTE | |||
r-devel-windows-x86_64 | 1.6.4 | 230.00 | 190.00 | 420.00 | NOTE | |
r-patched-linux-x86_64 | 1.6.4 | 207.97 | 140.64 | 348.61 | OK | |
r-release-linux-x86_64 | 1.6.4 | 186.57 | 137.73 | 324.30 | OK | |
r-release-macos-arm64 | 1.6.4 | 100.00 | NOTE | |||
r-release-macos-x86_64 | 1.6.4 | 148.00 | NOTE | |||
r-release-windows-x86_64 | 1.6.4 | 395.00 | 203.00 | 598.00 | OK | |
r-oldrel-macos-arm64 | 1.6.4 | 91.00 | NOTE | |||
r-oldrel-macos-x86_64 | 1.6.4 | 158.00 | NOTE | |||
r-oldrel-windows-ix86+x86_64 | 1.6.4 | 573.00 | 227.00 | 800.00 | OK |
Version: 1.6.4
Check: C++ specification
Result: NOTE
Specified C++11: please update to current default of C++17
Flavors: r-devel-linux-x86_64-debian-gcc, r-devel-linux-x86_64-fedora-gcc, r-devel-windows-x86_64
Version: 1.6.4
Check: installed package size
Result: NOTE
installed size is 7.5Mb
sub-directories of 1Mb or more:
libs 6.1Mb
Flavors: r-release-macos-arm64, r-release-macos-x86_64, r-oldrel-macos-arm64, r-oldrel-macos-x86_64