CRAN Package Check Results for Package golem

Last updated on 2022-10-03 04:59:28 CEST.

Flavor Version Tinstall Tcheck Ttotal Status Flags
r-devel-linux-x86_64-debian-clang 0.3.4 10.72 131.62 142.34 OK
r-devel-linux-x86_64-debian-gcc 0.3.4 8.31 95.92 104.23 OK
r-devel-linux-x86_64-fedora-clang 0.3.4 210.85 OK
r-devel-linux-x86_64-fedora-gcc 0.3.4 389.12 OK
r-devel-windows-x86_64 0.3.4 51.00 275.00 326.00 OK
r-patched-linux-x86_64 0.3.4 10.01 121.45 131.46 OK
r-release-linux-x86_64 0.3.4 8.40 124.36 132.76 OK
r-release-macos-arm64 0.3.4 193.00 OK
r-release-macos-x86_64 0.3.4 264.00 OK
r-release-windows-x86_64 0.3.4 50.00 277.00 327.00 OK
r-oldrel-macos-arm64 0.3.4 201.00 OK
r-oldrel-macos-x86_64 0.3.4 279.00 OK
r-oldrel-windows-ix86+x86_64 0.3.4 23.00 240.00 263.00 WARN

Check Details

Version: 0.3.4
Check: for unstated dependencies in ‘tests’
Result: WARN
    Warning: unable to access index for repository https://bioconductor.org/packages/3.14/bioc/src/contrib:
     cannot open URL 'https://bioconductor.org/packages/3.14/bioc/src/contrib/PACKAGES'
    Warning: unable to access index for repository https://bioconductor.org/packages/3.14/data/annotation/src/contrib:
     cannot open URL 'https://bioconductor.org/packages/3.14/data/annotation/src/contrib/PACKAGES'
    Warning: unable to access index for repository https://bioconductor.org/packages/3.14/data/experiment/src/contrib:
     cannot open URL 'https://bioconductor.org/packages/3.14/data/experiment/src/contrib/PACKAGES'
Flavor: r-oldrel-windows-ix86+x86_64