Last updated on 2023-01-30 04:52:23 CET.
Flavor | Version | Tinstall | Tcheck | Ttotal | Status | Flags |
---|---|---|---|---|---|---|
r-devel-linux-x86_64-debian-clang | 0.8.2 | 46.89 | 36.03 | 82.92 | OK | |
r-devel-linux-x86_64-debian-gcc | 0.8.2 | 40.39 | 29.72 | 70.11 | NOTE | |
r-devel-linux-x86_64-fedora-clang | 0.8.2 | 131.85 | OK | |||
r-devel-linux-x86_64-fedora-gcc | 0.8.2 | 135.62 | NOTE | |||
r-devel-windows-x86_64 | 0.8.2 | 96.00 | 95.00 | 191.00 | NOTE | |
r-patched-linux-x86_64 | 0.8.2 | 45.30 | 38.29 | 83.59 | OK | |
r-release-linux-x86_64 | 0.8.2 | 39.82 | 38.38 | 78.20 | OK | |
r-release-macos-arm64 | 0.8.2 | 33.00 | OK | |||
r-release-macos-x86_64 | 0.8.2 | 47.00 | OK | |||
r-release-windows-x86_64 | 0.8.2 | 319.00 | 103.00 | 422.00 | OK | |
r-oldrel-macos-arm64 | 0.8.2 | 35.00 | OK | |||
r-oldrel-macos-x86_64 | 0.8.2 | 66.00 | OK | |||
r-oldrel-windows-ix86+x86_64 | 0.8.2 | 118.00 | 96.00 | 214.00 | OK |
Version: 0.8.2
Check: C++ specification
Result: NOTE
Specified C++14: please update to current default of C++17
Flavors: r-devel-linux-x86_64-debian-gcc, r-devel-linux-x86_64-fedora-gcc, r-devel-windows-x86_64