CRAN Package Check Results for Package googlesheets4

Last updated on 2022-09-29 04:58:15 CEST.

Flavor Version Tinstall Tcheck Ttotal Status Flags
r-devel-linux-x86_64-debian-clang 1.0.1 7.75 91.84 99.59 OK
r-devel-linux-x86_64-debian-gcc 1.0.1 5.74 67.37 73.11 OK
r-devel-linux-x86_64-fedora-clang 1.0.1 136.95 NOTE
r-devel-linux-x86_64-fedora-gcc 1.0.1 134.38 OK
r-devel-windows-x86_64 1.0.1 189.00 132.00 321.00 OK
r-patched-linux-x86_64 1.0.1 11.16 82.73 93.89 OK
r-release-linux-x86_64 1.0.1 8.27 84.18 92.45 OK
r-release-macos-arm64 1.0.1 39.00 OK
r-release-macos-x86_64 1.0.1 49.00 OK
r-release-windows-x86_64 1.0.1 157.00 119.00 276.00 OK
r-oldrel-macos-arm64 1.0.1 37.00 OK
r-oldrel-macos-x86_64 1.0.1 53.00 OK
r-oldrel-windows-ix86+x86_64 1.0.1 20.00 111.00 131.00 OK

Check Details

Version: 1.0.1
Check: Rd cross-references
Result: NOTE
    Undeclared package ‘jsonlite’ in Rd xrefs
Flavor: r-devel-linux-x86_64-fedora-clang