CRAN Package Check Results for Package gower

Last updated on 2022-12-05 03:55:01 CET.

Flavor Version Tinstall Tcheck Ttotal Status Flags
r-devel-linux-x86_64-debian-clang 1.0.0 3.24 27.33 30.57 WARN
r-devel-linux-x86_64-debian-gcc 1.0.0 2.39 21.75 24.14 WARN
r-devel-linux-x86_64-fedora-clang 1.0.0 50.11 WARN
r-devel-linux-x86_64-fedora-gcc 1.0.0 48.06 WARN
r-devel-windows-x86_64 1.0.0 10.00 70.00 80.00 OK
r-patched-linux-x86_64 1.0.0 3.13 25.79 28.92 OK
r-release-linux-x86_64 1.0.0 3.01 26.23 29.24 OK
r-release-macos-arm64 1.0.0 21.00 OK
r-release-macos-x86_64 1.0.0 26.00 OK
r-release-windows-x86_64 1.0.0 8.00 64.00 72.00 OK
r-oldrel-macos-arm64 1.0.0 26.00 OK
r-oldrel-macos-x86_64 1.0.0 27.00 OK
r-oldrel-windows-ix86+x86_64 1.0.0 10.00 57.00 67.00 OK

Check Details

Version: 1.0.0
Check: whether package can be installed
Result: WARN
    Found the following significant warnings:
     R_register_native.c:11:30: warning: a function declaration without a prototype is deprecated in all versions of C [-Wstrict-prototypes]
     R_register_native.c:12:31: warning: a function declaration without a prototype is deprecated in all versions of C [-Wstrict-prototypes]
     gower.c:60:23: warning: a function declaration without a prototype is deprecated in all versions of C [-Wstrict-prototypes]
     gower.c:72:21: warning: a function declaration without a prototype is deprecated in all versions of C [-Wstrict-prototypes]
     gower.c:83:24: warning: a function declaration without a prototype is deprecated in all versions of C [-Wstrict-prototypes]
Flavors: r-devel-linux-x86_64-debian-clang, r-devel-linux-x86_64-fedora-clang

Version: 1.0.0
Check: whether package can be installed
Result: WARN
    Found the following significant warnings:
     R_register_native.c:11:1: warning: function declaration isn’t a prototype [-Wstrict-prototypes]
     R_register_native.c:12:1: warning: function declaration isn’t a prototype [-Wstrict-prototypes]
     gower.c:60:6: warning: function declaration isn’t a prototype [-Wstrict-prototypes]
     gower.c:72:6: warning: function declaration isn’t a prototype [-Wstrict-prototypes]
     gower.c:83:6: warning: function declaration isn’t a prototype [-Wstrict-prototypes]
Flavors: r-devel-linux-x86_64-debian-gcc, r-devel-linux-x86_64-fedora-gcc