CRAN Package Check Results for Package gpboost

Last updated on 2022-08-19 05:01:39 CEST.

Flavor Version Tinstall Tcheck Ttotal Status Flags
r-devel-linux-x86_64-debian-clang 0.7.8 917.76 188.58 1106.34 OK
r-devel-linux-x86_64-debian-gcc 0.7.8 679.90 278.01 957.91 OK
r-devel-linux-x86_64-fedora-clang 0.7.8 1708.58 NOTE
r-devel-linux-x86_64-fedora-gcc 0.7.8 1335.99 OK
r-devel-windows-x86_64 0.7.8 653.00 255.00 908.00 NOTE
r-patched-linux-x86_64 0.7.8 697.94 193.29 891.23 OK
r-release-linux-x86_64 0.7.8 OK
r-release-macos-arm64 0.7.8 360.00 NOTE
r-release-macos-x86_64 0.7.8 420.00 NOTE
r-release-windows-x86_64 0.7.8 610.00 238.00 848.00 NOTE
r-oldrel-macos-arm64 0.7.8 322.00 NOTE
r-oldrel-macos-x86_64 0.7.8 408.00 NOTE
r-oldrel-windows-ix86+x86_64 0.7.8 1639.00 309.00 1948.00 NOTE

Check Details

Version: 0.7.8
Check: installed package size
Result: NOTE
     installed size is 9.0Mb
     sub-directories of 1Mb or more:
     libs 8.2Mb
Flavors: r-devel-linux-x86_64-fedora-clang, r-devel-windows-x86_64, r-release-macos-arm64, r-release-macos-x86_64, r-release-windows-x86_64, r-oldrel-macos-arm64, r-oldrel-macos-x86_64, r-oldrel-windows-ix86+x86_64