CRAN Package Check Results for Package gradientPickerD3

Last updated on 2023-01-31 04:06:21 CET.

Flavor Version Tinstall Tcheck Ttotal Status Flags
r-devel-linux-x86_64-debian-clang 0.1.0.0 4.34 34.84 39.18 NOTE
r-devel-linux-x86_64-debian-gcc 0.1.0.0 3.14 27.65 30.79 NOTE
r-devel-linux-x86_64-fedora-clang 0.1.0.0 49.89 NOTE
r-devel-linux-x86_64-fedora-gcc 0.1.0.0 48.48 NOTE
r-devel-windows-x86_64 0.1.0.0 43.00 67.00 110.00 NOTE
r-patched-linux-x86_64 0.1.0.0 9.23 36.05 45.28 NOTE
r-release-linux-x86_64 0.1.0.0 4.18 36.59 40.77 NOTE
r-release-macos-arm64 0.1.0.0 19.00 NOTE
r-release-macos-x86_64 0.1.0.0 34.00 NOTE
r-release-windows-x86_64 0.1.0.0 171.00 71.00 242.00 NOTE
r-oldrel-macos-arm64 0.1.0.0 22.00 NOTE
r-oldrel-macos-x86_64 0.1.0.0 31.00 NOTE
r-oldrel-windows-ix86+x86_64 0.1.0.0 11.00 65.00 76.00 NOTE

Check Details

Version: 0.1.0.0
Check: LazyData
Result: NOTE
     'LazyData' is specified without a 'data' directory
Flavors: r-devel-linux-x86_64-debian-clang, r-devel-linux-x86_64-debian-gcc, r-devel-linux-x86_64-fedora-clang, r-devel-linux-x86_64-fedora-gcc, r-devel-windows-x86_64, r-patched-linux-x86_64, r-release-linux-x86_64, r-release-macos-arm64, r-release-macos-x86_64, r-release-windows-x86_64, r-oldrel-macos-arm64, r-oldrel-macos-x86_64, r-oldrel-windows-ix86+x86_64