CRAN Package Check Results for Package grapesAgri1

Last updated on 2022-08-09 04:52:21 CEST.

Flavor Version Tinstall Tcheck Ttotal Status Flags
r-devel-linux-x86_64-debian-clang 1.1.0 2.86 29.28 32.14 NOTE
r-devel-linux-x86_64-debian-gcc 1.1.0 2.64 22.50 25.14 NOTE
r-devel-linux-x86_64-fedora-clang 1.1.0 51.46 NOTE
r-devel-linux-x86_64-fedora-gcc 1.1.0 49.87 NOTE
r-devel-windows-x86_64 1.1.0 29.00 57.00 86.00 NOTE
r-patched-linux-x86_64 1.1.0 3.74 27.48 31.22 OK
r-release-linux-x86_64 1.1.0 OK
r-release-macos-arm64 1.1.0 19.00 NOTE
r-release-macos-x86_64 1.1.0 29.00 NOTE
r-release-windows-x86_64 1.1.0 33.00 61.00 94.00 OK
r-oldrel-macos-arm64 1.1.0 23.00 NOTE
r-oldrel-macos-x86_64 1.1.0 27.00 NOTE
r-oldrel-windows-ix86+x86_64 1.1.0 13.00 51.00 64.00 OK

Check Details

Version: 1.1.0
Check: Rd files
Result: NOTE
    checkRd: (-1) corrApp.Rd:40: Escaped LaTeX specials: \&
    checkRd: (-1) crdApp.Rd:46: Escaped LaTeX specials: \&
    checkRd: (-1) descApp.Rd:55: Escaped LaTeX specials: \&
    checkRd: (-1) layoutApp.Rd:50: Escaped LaTeX specials: \&
    checkRd: (-1) rbdApp.Rd:46: Escaped LaTeX specials: \&
    checkRd: (-1) ttApp.Rd:43: Escaped LaTeX specials: \&
Flavors: r-devel-linux-x86_64-debian-clang, r-devel-linux-x86_64-debian-gcc, r-devel-linux-x86_64-fedora-clang, r-devel-linux-x86_64-fedora-gcc, r-devel-windows-x86_64

Version: 1.1.0
Check: package dependencies
Result: NOTE
    Imports includes 21 non-default packages.
    Importing from so many packages makes the package vulnerable to any of
    them becoming unavailable. Move as many as possible to Suggests and
    use conditionally.
Flavor: r-devel-linux-x86_64-fedora-clang

Version: 1.1.0
Check: dependencies in R code
Result: NOTE
    Namespaces in Imports field not imported from:
     ‘Hmisc’ ‘PairedData’ ‘RColorBrewer’ ‘agricolae’ ‘corrplot’ ‘desplot’
     ‘dplyr’ ‘ggplot2’ ‘ggpubr’ ‘gridGraphics’ ‘gtools’ ‘kableExtra’
     ‘knitr’ ‘magrittr’ ‘pastecs’ ‘reshape2’ ‘rmarkdown’ ‘shinyWidgets’
     ‘summarytools’
     All declared Imports should be used.
Flavors: r-devel-linux-x86_64-fedora-clang, r-devel-linux-x86_64-fedora-gcc, r-release-macos-arm64, r-release-macos-x86_64, r-oldrel-macos-arm64, r-oldrel-macos-x86_64