Last updated on 2022-08-09 04:52:21 CEST.
Flavor | Version | Tinstall | Tcheck | Ttotal | Status | Flags |
---|---|---|---|---|---|---|
r-devel-linux-x86_64-debian-clang | 2.0.0.0 | 19.55 | 77.75 | 97.30 | NOTE | |
r-devel-linux-x86_64-debian-gcc | 2.0.0.0 | 14.84 | 56.32 | 71.16 | NOTE | |
r-devel-linux-x86_64-fedora-clang | 2.0.0.0 | 128.23 | NOTE | |||
r-devel-linux-x86_64-fedora-gcc | 2.0.0.0 | 118.61 | NOTE | |||
r-devel-windows-x86_64 | 2.0.0.0 | 108.00 | 106.00 | 214.00 | NOTE | |
r-patched-linux-x86_64 | 2.0.0.0 | 15.96 | 69.65 | 85.61 | NOTE | |
r-release-linux-x86_64 | 2.0.0.0 | NOTE | ||||
r-release-macos-arm64 | 2.0.0.0 | 40.00 | NOTE | |||
r-release-macos-x86_64 | 2.0.0.0 | 53.00 | NOTE | |||
r-release-windows-x86_64 | 2.0.0.0 | 127.00 | 102.00 | 229.00 | NOTE | |
r-oldrel-macos-arm64 | 2.0.0.0 | 36.00 | NOTE | |||
r-oldrel-macos-x86_64 | 2.0.0.0 | 53.00 | NOTE | |||
r-oldrel-windows-ix86+x86_64 | 2.0.0.0 | 71.00 | 139.00 | 210.00 | NOTE |
Version: 2.0.0.0
Check: package dependencies
Result: NOTE
Packages suggested but not available for checking:
'taxstats', 'taxstats1516'
Flavors: r-devel-linux-x86_64-debian-clang, r-devel-linux-x86_64-debian-gcc, r-devel-linux-x86_64-fedora-clang, r-devel-linux-x86_64-fedora-gcc, r-devel-windows-x86_64, r-patched-linux-x86_64, r-release-linux-x86_64, r-release-macos-arm64, r-release-macos-x86_64, r-release-windows-x86_64, r-oldrel-macos-arm64, r-oldrel-macos-x86_64, r-oldrel-windows-ix86+x86_64