CRAN Package Check Results for Package gridsampler

Last updated on 2022-12-09 04:00:46 CET.

Flavor Version Tinstall Tcheck Ttotal Status Flags
r-devel-linux-x86_64-debian-clang 0.6 6.94 122.09 129.03 OK
r-devel-linux-x86_64-debian-gcc 0.6 5.30 87.16 92.46 OK
r-devel-linux-x86_64-fedora-clang 0.6 163.23 NOTE
r-devel-linux-x86_64-fedora-gcc 0.6 173.12 NOTE
r-devel-windows-x86_64 0.6 24.00 151.00 175.00 OK
r-patched-linux-x86_64 0.6 7.05 118.11 125.16 OK
r-release-linux-x86_64 0.6 5.62 116.56 122.18 OK
r-release-macos-arm64 0.6 43.00 NOTE
r-release-macos-x86_64 0.6 83.00 NOTE
r-release-windows-x86_64 0.6 27.00 160.00 187.00 OK
r-oldrel-macos-arm64 0.6 49.00 NOTE
r-oldrel-macos-x86_64 0.6 80.00 NOTE
r-oldrel-windows-ix86+x86_64 0.6 17.00 145.00 162.00 OK

Check Details

Version: 0.6
Check: dependencies in R code
Result: NOTE
    Namespace in Imports field not imported from: ‘BiasedUrn’
     All declared Imports should be used.
Flavors: r-devel-linux-x86_64-fedora-clang, r-devel-linux-x86_64-fedora-gcc, r-release-macos-arm64, r-release-macos-x86_64, r-oldrel-macos-arm64, r-oldrel-macos-x86_64