Last updated on 2023-12-10 03:59:57 CET.
Flavor | Version | Tinstall | Tcheck | Ttotal | Status | Flags |
---|---|---|---|---|---|---|
r-devel-linux-x86_64-debian-clang | 0.6 | 6.31 | 114.49 | 120.80 | OK | |
r-devel-linux-x86_64-debian-gcc | 0.6 | 5.51 | 82.04 | 87.55 | OK | |
r-devel-linux-x86_64-fedora-clang | 0.6 | 147.05 | NOTE | |||
r-devel-linux-x86_64-fedora-gcc | 0.6 | 153.41 | NOTE | |||
r-devel-windows-x86_64 | 0.6 | 7.00 | 107.00 | 114.00 | OK | |
r-patched-linux-x86_64 | 0.6 | 6.30 | 111.67 | 117.97 | OK | |
r-release-linux-x86_64 | 0.6 | 4.92 | 109.40 | 114.32 | OK | |
r-release-macos-arm64 | 0.6 | 52.00 | OK | |||
r-release-macos-x86_64 | 0.6 | 84.00 | OK | |||
r-release-windows-x86_64 | 0.6 | 9.00 | 128.00 | 137.00 | OK | |
r-oldrel-macos-arm64 | 0.6 | 43.00 | NOTE | |||
r-oldrel-macos-x86_64 | 0.6 | 83.00 | NOTE | |||
r-oldrel-windows-x86_64 | 0.6 | 10.00 | 131.00 | 141.00 | OK |
Version: 0.6
Check: dependencies in R code
Result: NOTE
Namespace in Imports field not imported from: ‘BiasedUrn’
All declared Imports should be used.
Flavors: r-devel-linux-x86_64-fedora-clang, r-devel-linux-x86_64-fedora-gcc, r-oldrel-macos-arm64, r-oldrel-macos-x86_64