CRAN Package Check Results for Package gripp

Last updated on 2022-12-01 04:00:33 CET.

Flavor Version Tinstall Tcheck Ttotal Status Flags
r-devel-linux-x86_64-debian-clang 0.2.20 3.73 38.08 41.81 NOTE
r-devel-linux-x86_64-debian-gcc 0.2.20 2.88 29.76 32.64 NOTE
r-devel-linux-x86_64-fedora-clang 0.2.20 61.99 NOTE
r-devel-linux-x86_64-fedora-gcc 0.2.20 59.83 NOTE
r-devel-windows-x86_64 0.2.20 7.00 67.00 74.00 NOTE
r-patched-linux-x86_64 0.2.20 3.49 36.13 39.62 NOTE
r-release-linux-x86_64 0.2.20 3.85 36.82 40.67 NOTE
r-release-macos-arm64 0.2.20 23.00 NOTE
r-release-macos-x86_64 0.2.20 42.00 NOTE
r-release-windows-x86_64 0.2.20 7.00 71.00 78.00 NOTE
r-oldrel-macos-arm64 0.2.20 27.00 NOTE
r-oldrel-macos-x86_64 0.2.20 33.00 NOTE
r-oldrel-windows-ix86+x86_64 0.2.20 11.00 62.00 73.00 NOTE

Check Details

Version: 0.2.20
Check: LazyData
Result: NOTE
     'LazyData' is specified without a 'data' directory
Flavors: r-devel-linux-x86_64-debian-clang, r-devel-linux-x86_64-debian-gcc, r-devel-linux-x86_64-fedora-clang, r-devel-linux-x86_64-fedora-gcc, r-devel-windows-x86_64, r-patched-linux-x86_64, r-release-linux-x86_64, r-release-macos-arm64, r-release-macos-x86_64, r-release-windows-x86_64, r-oldrel-macos-arm64, r-oldrel-macos-x86_64, r-oldrel-windows-ix86+x86_64

Version: 0.2.20
Check: dependencies in R code
Result: NOTE
    Namespace in Imports field not imported from: ‘usethis’
     All declared Imports should be used.
Flavors: r-devel-linux-x86_64-fedora-clang, r-devel-linux-x86_64-fedora-gcc, r-release-macos-arm64, r-release-macos-x86_64, r-oldrel-macos-arm64, r-oldrel-macos-x86_64