CRAN Package Check Results for Package groupWQS

Last updated on 2022-12-01 04:00:33 CET.

Flavor Version Tinstall Tcheck Ttotal Status Flags
r-devel-linux-x86_64-debian-clang 0.0.3 3.15 111.09 114.24 OK
r-devel-linux-x86_64-debian-gcc 0.0.3 2.52 79.75 82.27 OK
r-devel-linux-x86_64-fedora-clang 0.0.3 151.77 NOTE
r-devel-linux-x86_64-fedora-gcc 0.0.3 150.44 NOTE
r-devel-windows-x86_64 0.0.3 17.00 138.00 155.00 OK
r-patched-linux-x86_64 0.0.3 2.96 109.42 112.38 OK
r-release-linux-x86_64 0.0.3 2.67 110.95 113.62 OK
r-release-macos-arm64 0.0.3 39.00 NOTE
r-release-macos-x86_64 0.0.3 61.00 NOTE
r-release-windows-x86_64 0.0.3 15.00 147.00 162.00 OK
r-oldrel-macos-arm64 0.0.3 38.00 NOTE
r-oldrel-macos-x86_64 0.0.3 74.00 NOTE
r-oldrel-windows-ix86+x86_64 0.0.3 7.00 142.00 149.00 OK

Check Details

Version: 0.0.3
Check: dependencies in R code
Result: NOTE
    Namespaces in Imports field not imported from:
     ‘MASS’ ‘rjags’
     All declared Imports should be used.
Flavors: r-devel-linux-x86_64-fedora-clang, r-devel-linux-x86_64-fedora-gcc, r-release-macos-arm64, r-release-macos-x86_64, r-oldrel-macos-arm64, r-oldrel-macos-x86_64