Last updated on 2023-01-31 04:06:23 CET.
Flavor | Version | Tinstall | Tcheck | Ttotal | Status | Flags |
---|---|---|---|---|---|---|
r-devel-linux-x86_64-debian-clang | 1.2.1 | 40.04 | 217.35 | 257.39 | NOTE | |
r-devel-linux-x86_64-debian-gcc | 1.2.1 | 36.35 | 153.78 | 190.13 | NOTE | |
r-devel-linux-x86_64-fedora-clang | 1.2.1 | 319.86 | NOTE | |||
r-devel-linux-x86_64-fedora-gcc | 1.2.1 | 340.89 | NOTE | |||
r-devel-windows-x86_64 | 1.2.1 | 144.00 | 250.00 | 394.00 | NOTE | |
r-patched-linux-x86_64 | 1.2.1 | 48.28 | 195.37 | 243.65 | NOTE | |
r-release-linux-x86_64 | 1.2.1 | 41.78 | 193.28 | 235.06 | NOTE | |
r-release-macos-arm64 | 1.2.1 | 77.00 | NOTE | |||
r-release-macos-x86_64 | 1.2.1 | 109.00 | NOTE | |||
r-release-windows-x86_64 | 1.2.1 | 145.00 | 234.00 | 379.00 | NOTE | |
r-oldrel-macos-arm64 | 1.2.1 | 73.00 | NOTE | |||
r-oldrel-macos-x86_64 | 1.2.1 | 110.00 | NOTE | |||
r-oldrel-windows-ix86+x86_64 | 1.2.1 | 81.00 | 258.00 | 339.00 | NOTE |
Version: 1.2.1
Check: for GNU extensions in Makefiles
Result: NOTE
GNU make is a SystemRequirements.
Flavors: r-devel-linux-x86_64-debian-clang, r-devel-linux-x86_64-debian-gcc, r-devel-linux-x86_64-fedora-clang, r-devel-linux-x86_64-fedora-gcc, r-devel-windows-x86_64, r-patched-linux-x86_64, r-release-linux-x86_64, r-release-macos-arm64, r-release-macos-x86_64, r-release-windows-x86_64, r-oldrel-macos-arm64, r-oldrel-macos-x86_64, r-oldrel-windows-ix86+x86_64
Version: 1.2.1
Check: C++ specification
Result: NOTE
Specified C++14: please update to current default of C++17
Flavors: r-devel-linux-x86_64-debian-gcc, r-devel-linux-x86_64-fedora-clang, r-devel-linux-x86_64-fedora-gcc, r-devel-windows-x86_64
Version: 1.2.1
Check: installed package size
Result: NOTE
installed size is 5.5Mb
sub-directories of 1Mb or more:
R 3.1Mb
extdata 1.3Mb
Flavors: r-release-macos-arm64, r-oldrel-macos-arm64