CRAN Package Check Results for Package hackeRnews

Last updated on 2022-12-09 04:00:47 CET.

Flavor Version Tinstall Tcheck Ttotal Status Flags
r-devel-linux-x86_64-debian-clang 0.1.0 2.95 38.72 41.67 NOTE
r-devel-linux-x86_64-debian-gcc 0.1.0 2.09 39.67 41.76 NOTE
r-devel-linux-x86_64-fedora-clang 0.1.0 60.58 NOTE
r-devel-linux-x86_64-fedora-gcc 0.1.0 87.24 NOTE
r-devel-windows-x86_64 0.1.0 53.00 87.00 140.00 NOTE
r-patched-linux-x86_64 0.1.0 3.08 36.14 39.22 NOTE
r-release-linux-x86_64 0.1.0 2.36 39.38 41.74 NOTE
r-release-macos-arm64 0.1.0 38.00 NOTE
r-release-macos-x86_64 0.1.0 161.00 NOTE
r-release-windows-x86_64 0.1.0 31.00 80.00 111.00 NOTE
r-oldrel-macos-arm64 0.1.0 38.00 NOTE
r-oldrel-macos-x86_64 0.1.0 50.00 NOTE
r-oldrel-windows-ix86+x86_64 0.1.0 7.00 77.00 84.00 NOTE

Check Details

Version: 0.1.0
Check: LazyData
Result: NOTE
     'LazyData' is specified without a 'data' directory
Flavors: r-devel-linux-x86_64-debian-clang, r-devel-linux-x86_64-debian-gcc, r-devel-linux-x86_64-fedora-clang, r-devel-linux-x86_64-fedora-gcc, r-devel-windows-x86_64, r-patched-linux-x86_64, r-release-linux-x86_64, r-release-macos-arm64, r-release-macos-x86_64, r-release-windows-x86_64, r-oldrel-macos-arm64, r-oldrel-macos-x86_64, r-oldrel-windows-ix86+x86_64