CRAN Package Check Results for Package hansard

Last updated on 2022-10-05 04:50:53 CEST.

Flavor Version Tinstall Tcheck Ttotal Status Flags
r-devel-linux-x86_64-debian-clang 0.8.0 10.82 127.44 138.26 OK
r-devel-linux-x86_64-debian-gcc 0.8.0 9.44 93.48 102.92 OK
r-devel-linux-x86_64-fedora-clang 0.8.0 182.73 NOTE
r-devel-linux-x86_64-fedora-gcc 0.8.0 205.67 OK
r-devel-windows-x86_64 0.8.0 54.00 160.00 214.00 OK
r-patched-linux-x86_64 0.8.0 10.91 115.32 126.23 OK
r-release-linux-x86_64 0.8.0 10.47 115.82 126.29 OK
r-release-macos-arm64 0.8.0 44.00 OK
r-release-macos-x86_64 0.8.0 90.00 OK
r-release-windows-x86_64 0.8.0 55.00 148.00 203.00 OK
r-oldrel-macos-arm64 0.8.0 57.00 OK
r-oldrel-macos-x86_64 0.8.0 94.00 OK
r-oldrel-windows-ix86+x86_64 0.8.0 27.00 146.00 173.00 OK

Check Details

Version: 0.8.0
Check: Rd cross-references
Result: NOTE
    Undeclared package ‘mnis’ in Rd xrefs
Flavor: r-devel-linux-x86_64-fedora-clang