Last updated on 2023-12-02 03:57:42 CET.
Flavor | Version | Tinstall | Tcheck | Ttotal | Status | Flags |
---|---|---|---|---|---|---|
r-devel-linux-x86_64-debian-clang | 3.4 | 6.76 | 51.77 | 58.53 | OK | |
r-devel-linux-x86_64-debian-gcc | 3.4 | 5.21 | 38.16 | 43.37 | OK | |
r-devel-linux-x86_64-fedora-clang | 3.4 | 70.69 | OK | |||
r-devel-linux-x86_64-fedora-gcc | 3.4 | 68.58 | OK | |||
r-devel-windows-x86_64 | 3.4 | 9.00 | 65.00 | 74.00 | NOTE | |
r-patched-linux-x86_64 | 3.4 | 6.04 | 49.50 | 55.54 | OK | |
r-release-linux-x86_64 | 3.4 | 5.35 | 49.38 | 54.73 | OK | |
r-release-macos-arm64 | 3.4 | 26.00 | OK | |||
r-release-macos-x86_64 | 3.4 | 37.00 | OK | |||
r-release-windows-x86_64 | 3.4 | 13.00 | 71.00 | 84.00 | NOTE | |
r-oldrel-macos-arm64 | 3.4 | 26.00 | OK | |||
r-oldrel-macos-x86_64 | 3.4 | 32.00 | OK | |||
r-oldrel-windows-x86_64 | 3.4 | 11.00 | 71.00 | 82.00 | OK |
Version: 3.4
Check: C++ specification
Result: NOTE
Specified C++11: please drop specification unless essential
Flavors: r-devel-windows-x86_64, r-release-windows-x86_64