Last updated on 2023-01-30 04:52:24 CET.
Flavor | Version | Tinstall | Tcheck | Ttotal | Status | Flags |
---|---|---|---|---|---|---|
r-devel-linux-x86_64-debian-clang | 3.4 | 6.48 | 49.21 | 55.69 | OK | |
r-devel-linux-x86_64-debian-gcc | 3.4 | 4.56 | 37.08 | 41.64 | OK | |
r-devel-linux-x86_64-fedora-clang | 3.4 | 72.28 | OK | |||
r-devel-linux-x86_64-fedora-gcc | 3.4 | 73.87 | OK | |||
r-devel-windows-x86_64 | 3.4 | 41.00 | 88.00 | 129.00 | NOTE | |
r-patched-linux-x86_64 | 3.4 | 6.32 | 47.19 | 53.51 | OK | |
r-release-linux-x86_64 | 3.4 | 6.07 | 46.80 | 52.87 | OK | |
r-release-macos-arm64 | 3.4 | 26.00 | OK | |||
r-release-macos-x86_64 | 3.4 | 32.00 | OK | |||
r-release-windows-x86_64 | 3.4 | 35.00 | 86.00 | 121.00 | OK | |
r-oldrel-macos-arm64 | 3.4 | 33.00 | OK | |||
r-oldrel-macos-x86_64 | 3.4 | 48.00 | OK | |||
r-oldrel-windows-ix86+x86_64 | 3.4 | 16.00 | 98.00 | 114.00 | OK |
Version: 3.4
Check: C++ specification
Result: NOTE
Specified C++11: please update to current default of C++17
Flavor: r-devel-windows-x86_64