Last updated on 2023-03-27 04:53:14 CEST.
Flavor | Version | Tinstall | Tcheck | Ttotal | Status | Flags |
---|---|---|---|---|---|---|
r-devel-linux-x86_64-debian-clang | 0.1.0 | 3.65 | 39.74 | 43.39 | OK | |
r-devel-linux-x86_64-debian-gcc | 0.1.0 | 2.47 | 31.37 | 33.84 | OK | |
r-devel-linux-x86_64-fedora-clang | 0.1.0 | 58.58 | OK | |||
r-devel-linux-x86_64-fedora-gcc | 0.1.0 | 64.68 | OK | |||
r-patched-linux-x86_64 | 0.1.0 | 3.28 | 39.96 | 43.24 | OK | |
r-release-linux-x86_64 | 0.1.0 | 2.69 | 42.16 | 44.85 | OK | |
r-release-macos-arm64 | 0.1.0 | 28.00 | OK | |||
r-release-macos-x86_64 | 0.1.0 | 44.00 | OK | |||
r-release-windows-x86_64 | 0.1.0 | 23.00 | 80.00 | 103.00 | OK | |
r-oldrel-macos-arm64 | 0.1.0 | 45.00 | OK | |||
r-oldrel-macos-x86_64 | 0.1.0 | 38.00 | OK | |||
r-oldrel-windows-ix86+x86_64 | 0.1.0 | 8.00 | 76.00 | 84.00 | NOTE |
Version: 0.1.0
Check: dependencies in R code
Result: NOTE
Initiating curl with CURL_SSL_BACKEND: openssl
Flavor: r-oldrel-windows-ix86+x86_64