CRAN Package Check Results for Package heddlr

Last updated on 2022-08-12 04:53:24 CEST.

Flavor Version Tinstall Tcheck Ttotal Status Flags
r-devel-linux-x86_64-debian-clang 0.6.0 2.78 34.63 37.41 NOTE
r-devel-linux-x86_64-debian-gcc 0.6.0 2.15 26.43 28.58 NOTE
r-devel-linux-x86_64-fedora-clang 0.6.0 59.85 NOTE
r-devel-linux-x86_64-fedora-gcc 0.6.0 53.61 NOTE
r-devel-windows-x86_64 0.6.0 19.00 63.00 82.00 NOTE
r-patched-linux-x86_64 0.6.0 2.83 33.52 36.35 NOTE
r-release-linux-x86_64 0.6.0 1.71 33.61 35.32 NOTE
r-release-macos-arm64 0.6.0 18.00 NOTE
r-release-macos-x86_64 0.6.0 27.00 NOTE
r-release-windows-x86_64 0.6.0 19.00 66.00 85.00 NOTE
r-oldrel-macos-arm64 0.6.0 20.00 NOTE
r-oldrel-macos-x86_64 0.6.0 46.00 NOTE
r-oldrel-windows-ix86+x86_64 0.6.0 6.00 52.00 58.00 NOTE

Check Details

Version: 0.6.0
Check: LazyData
Result: NOTE
     'LazyData' is specified without a 'data' directory
Flavors: r-devel-linux-x86_64-debian-clang, r-devel-linux-x86_64-debian-gcc, r-devel-linux-x86_64-fedora-clang, r-devel-linux-x86_64-fedora-gcc, r-devel-windows-x86_64, r-patched-linux-x86_64, r-release-linux-x86_64, r-release-macos-arm64, r-release-macos-x86_64, r-release-windows-x86_64, r-oldrel-macos-arm64, r-oldrel-macos-x86_64, r-oldrel-windows-ix86+x86_64

Version: 0.6.0
Check: Rd cross-references
Result: NOTE
    Undeclared package ‘tibble’ in Rd xrefs
Flavor: r-devel-linux-x86_64-fedora-clang