CRAN Package Check Results for Package helminthR

Last updated on 2022-12-09 04:00:47 CET.

Flavor Version Tinstall Tcheck Ttotal Status Flags
r-devel-linux-x86_64-debian-clang 1.0.9 4.31 49.03 53.34 OK
r-devel-linux-x86_64-debian-gcc 1.0.9 3.89 37.26 41.15 OK
r-devel-linux-x86_64-fedora-clang 1.0.9 74.07 ERROR
r-devel-linux-x86_64-fedora-gcc 1.0.10 85.76 OK
r-devel-windows-x86_64 1.0.10 17.00 80.00 97.00 OK
r-patched-linux-x86_64 1.0.9 4.92 46.96 51.88 OK
r-release-linux-x86_64 1.0.9 3.94 44.91 48.85 OK
r-release-macos-arm64 1.0.9 27.00 OK
r-release-macos-x86_64 1.0.9 41.00 OK
r-release-windows-x86_64 1.0.9 17.00 92.00 109.00 OK
r-oldrel-macos-arm64 1.0.9 35.00 OK
r-oldrel-macos-x86_64 1.0.9 35.00 OK
r-oldrel-windows-ix86+x86_64 1.0.9 16.00 76.00 92.00 OK

Additional issues

M1mac

Check Details

Version: 1.0.9
Check: re-building of vignette outputs
Result: ERROR
    Error(s) in re-building vignettes:
    --- re-building ‘helminthR_vignette.Rmd’ using rmarkdown
    Quitting from lines 134-138 (helminthR_vignette.Rmd)
    Error: processing vignette 'helminthR_vignette.Rmd' failed with diagnostics:
    Bad Gateway (HTTP 502).
    --- failed re-building ‘helminthR_vignette.Rmd’
    
    SUMMARY: processing the following file failed:
     ‘helminthR_vignette.Rmd’
    
    Error: Vignette re-building failed.
    Execution halted
Flavor: r-devel-linux-x86_64-fedora-clang