CRAN Package Check Results for Package hetGP

Last updated on 2022-09-28 04:51:01 CEST.

Flavor Version Tinstall Tcheck Ttotal Status Flags
r-devel-linux-x86_64-debian-clang 1.1.4 80.71 155.89 236.60 OK --no-vignettes
r-devel-linux-x86_64-debian-gcc 1.1.4 62.54 110.77 173.31 OK --no-vignettes
r-devel-linux-x86_64-fedora-clang 1.1.4 330.01 OK --no-vignettes
r-devel-linux-x86_64-fedora-gcc 1.1.4 320.42 OK --no-vignettes
r-devel-windows-x86_64 1.1.4 88.00 214.00 302.00 OK --no-vignettes
r-patched-linux-x86_64 1.1.4 65.72 144.97 210.69 OK --no-vignettes
r-release-linux-x86_64 1.1.4 72.43 149.38 221.81 OK --no-vignettes
r-release-macos-arm64 1.1.4 1803.00 ERROR
r-release-macos-x86_64 1.1.4 1079.00 OK
r-release-windows-x86_64 1.1.4 155.00 163.00 318.00 OK --no-vignettes
r-oldrel-macos-arm64 1.1.4 1724.00 OK
r-oldrel-macos-x86_64 1.1.4 897.00 OK
r-oldrel-windows-ix86+x86_64 1.1.4 190.00 266.00 456.00 OK --no-vignettes

Check Details

Version: 1.1.4
Check: re-building of vignette outputs
Result: ERROR
    Error(s) in re-building vignettes:
     ...
    --- re-building ‘hetGP_vignette.Rnw’ using knitr
    
    Execution halted
    
    * checking PDF version of manual ...* using check arguments '--no-clean-on-error '
Flavor: r-release-macos-arm64