Last updated on 2022-08-10 04:54:02 CEST.
Flavor | Version | Tinstall | Tcheck | Ttotal | Status | Flags |
---|---|---|---|---|---|---|
r-devel-linux-x86_64-debian-clang | 0.1.1 | 11.64 | 319.04 | 330.68 | OK | |
r-devel-linux-x86_64-debian-gcc | 0.1.1 | 9.90 | 234.80 | 244.70 | OK | |
r-devel-linux-x86_64-fedora-clang | 0.1.1 | 382.65 | NOTE | |||
r-devel-linux-x86_64-fedora-gcc | 0.1.1 | 385.12 | NOTE | |||
r-devel-windows-x86_64 | 0.1.1 | 30.00 | 369.00 | 399.00 | OK | |
r-patched-linux-x86_64 | 0.1.1 | 10.93 | 292.54 | 303.47 | OK | |
r-release-linux-x86_64 | 0.1.1 | OK | ||||
r-release-macos-arm64 | 0.1.1 | 142.00 | NOTE | |||
r-release-macos-x86_64 | 0.1.1 | 206.00 | NOTE | |||
r-release-windows-x86_64 | 0.1.1 | 24.00 | 372.00 | 396.00 | OK | |
r-oldrel-macos-arm64 | 0.1.1 | 148.00 | NOTE | |||
r-oldrel-macos-x86_64 | 0.1.1 | 204.00 | NOTE | |||
r-oldrel-windows-ix86+x86_64 | 0.1.1 | 27.00 | 342.00 | 369.00 | OK |
Version: 0.1.1
Check: dependencies in R code
Result: NOTE
Namespaces in Imports field not imported from:
‘dplyr’ ‘purrr’ ‘tidyverse’
All declared Imports should be used.
Flavors: r-devel-linux-x86_64-fedora-clang, r-devel-linux-x86_64-fedora-gcc, r-release-macos-arm64, r-release-macos-x86_64, r-oldrel-macos-arm64, r-oldrel-macos-x86_64