CRAN Package Check Results for Package heumilkr

Last updated on 2025-01-26 03:49:49 CET.

Flavor Version Tinstall Tcheck Ttotal Status Flags
r-devel-linux-x86_64-debian-clang 0.2.0 16.17 54.93 71.10 NOTE
r-devel-linux-x86_64-debian-gcc 0.2.0 11.96 39.89 51.85 NOTE
r-devel-linux-x86_64-fedora-clang 0.2.0 126.43 OK
r-devel-linux-x86_64-fedora-gcc 0.2.0 133.36 NOTE
r-devel-windows-x86_64 0.2.0 21.00 76.00 97.00 OK
r-patched-linux-x86_64 0.2.0 15.65 52.02 67.67 OK
r-release-linux-x86_64 0.2.0 14.40 52.70 67.10 OK
r-release-macos-arm64 0.2.0 38.00 OK
r-release-macos-x86_64 0.2.0 57.00 OK
r-release-windows-x86_64 0.2.0 21.00 72.00 93.00 OK
r-oldrel-macos-arm64 0.2.0 45.00 OK
r-oldrel-macos-x86_64 0.2.0 86.00 OK
r-oldrel-windows-x86_64 0.2.0 22.00 84.00 106.00 OK

Additional issues

rchk

Check Details

Version: 0.2.0
Check: DESCRIPTION meta-information
Result: NOTE Missing dependency on R >= 4.1.0 because package code uses the pipe |> or function shorthand \(...) syntax added in R 4.1.0. File(s) using such syntax: ‘autoplot.R’ ‘clarke_wright.R’ ‘cvrplib.R’ ‘heumilkr_solution.R’ Flavors: r-devel-linux-x86_64-debian-clang, r-devel-linux-x86_64-debian-gcc, r-devel-linux-x86_64-fedora-gcc